{"id":125,"date":"2019-12-27T14:49:59","date_gmt":"2019-12-27T14:49:59","guid":{"rendered":"https:\/\/anamoreira.km35633-02.keymachine.de\/cmi\/?page_id=125"},"modified":"2020-11-02T11:20:04","modified_gmt":"2020-11-02T11:20:04","slug":"outros-servicos","status":"publish","type":"page","link":"https:\/\/anamoreira.pt\/cmi\/outros-servicos\/","title":{"rendered":"Outros Servi\u00e7os"},"content":{"rendered":"\t\t<div data-elementor-type=\"wp-page\" data-elementor-id=\"125\" class=\"elementor elementor-125\" data-elementor-post-type=\"page\">\n\t\t\t\t\t\t<section class=\"elementor-section elementor-top-section elementor-element elementor-element-943ac04 elementor-section-boxed elementor-section-height-default elementor-section-height-default\" data-id=\"943ac04\" data-element_type=\"section\" data-e-type=\"section\">\n\t\t\t\t\t\t<div class=\"elementor-container elementor-column-gap-default\">\n\t\t\t\t\t<div class=\"elementor-column elementor-col-100 elementor-top-column elementor-element elementor-element-0e53f54\" data-id=\"0e53f54\" data-element_type=\"column\" data-e-type=\"column\">\n\t\t\t<div class=\"elementor-widget-wrap elementor-element-populated\">\n\t\t\t\t\t\t<div class=\"elementor-element elementor-element-0baeb1a elementor-widget elementor-widget-eael-adv-accordion\" data-id=\"0baeb1a\" data-element_type=\"widget\" data-e-type=\"widget\" data-widget_type=\"eael-adv-accordion.default\">\n\t\t\t\t<div class=\"elementor-widget-container\">\n\t\t\t\t\t            <div class=\"eael-adv-accordion\" id=\"eael-adv-accordion-0baeb1a\" data-scroll-on-click=\"no\" data-scroll-speed=\"300\" data-accordion-id=\"0baeb1a\" data-accordion-type=\"toggle\" data-toogle-speed=\"300\">\n            <div class=\"eael-accordion-list\">\n\t\t\t\t\t<div id=\"ioga\" class=\"elementor-tab-title eael-accordion-header\" tabindex=\"0\" data-tab=\"1\" aria-controls=\"elementor-tab-content-1221\"><span class=\"eael-accordion-tab-title\">Ioga<\/span><i aria-hidden=\"true\" class=\"fa-toggle fas fa-angle-right\"><\/i><\/div><div id=\"elementor-tab-content-1221\" class=\"eael-accordion-content clearfix\" data-tab=\"1\" aria-labelledby=\"ioga\"><p><img fetchpriority=\"high\" decoding=\"async\" class=\"size-medium wp-image-2825 alignright\" src=\"https:\/\/anamoreira.pt\/cmi\/wp-content\/uploads\/2020\/11\/ioga-770x450-1-300x175.jpg\" alt=\"\" width=\"300\" height=\"175\" srcset=\"https:\/\/anamoreira.pt\/cmi\/wp-content\/uploads\/2020\/11\/ioga-770x450-1-300x175.jpg 300w, https:\/\/anamoreira.pt\/cmi\/wp-content\/uploads\/2020\/11\/ioga-770x450-1-768x449.jpg 768w, https:\/\/anamoreira.pt\/cmi\/wp-content\/uploads\/2020\/11\/ioga-770x450-1-700x409.jpg 700w, https:\/\/anamoreira.pt\/cmi\/wp-content\/uploads\/2020\/11\/ioga-770x450-1-520x304.jpg 520w, https:\/\/anamoreira.pt\/cmi\/wp-content\/uploads\/2020\/11\/ioga-770x450-1-360x210.jpg 360w, https:\/\/anamoreira.pt\/cmi\/wp-content\/uploads\/2020\/11\/ioga-770x450-1-250x146.jpg 250w, https:\/\/anamoreira.pt\/cmi\/wp-content\/uploads\/2020\/11\/ioga-770x450-1-100x58.jpg 100w, https:\/\/anamoreira.pt\/cmi\/wp-content\/uploads\/2020\/11\/ioga-770x450-1.jpg 770w\" sizes=\"(max-width: 300px) 100vw, 300px\" \/>O Ioga \u00e9 uma arte milenar, uma filosofia pr\u00e1tica que nasceu na \u00cdndia e que tem como objetivo o desenvolvimento, harmoniza\u00e7\u00e3o e unifica\u00e7\u00e3o do ser.A palavra YOGA deriva do S\u00e2nscrito da raiz Yuj e significa unir, atar, juntar, isto \u00e9, juntar a parte f\u00edsica com a mental, levando \u00e0 reintegra\u00e7\u00e3o e reequil\u00edbrio do ser.<\/p><p>\u00c9 uma filosofia de vida que tem como meta o autoconhecimento e na pr\u00e1tica engloba um conjunto de t\u00e9cnicas que nos ensina a respirar melhor, a concentrarmo-nos melhor, a adquirir uma postura corporal correta, a ter uma sexualidade sadia, a gerir o stress do dia-a-dia, a melhorar a forma f\u00edsica, for\u00e7a, resist\u00eancia e flexibilidade corporal. A aprendizagem que daqui deriva ensina-nos a como aquietar e focar a mente. Ensina-nos a viver melhor e assim permite-nos ter mais vitalidade e energia o que por sua vez n\u00e3o s\u00f3 se traduz num aumento de produtividade em todas as \u00e1reas da nossa vida como numa maior estabilidade emocional.<\/p><p>A longo prazo, permite o autoconhecimento, isto \u00e9, uma consci\u00eancia profunda do corpo e da mente.<\/p><p>O Sw\u00e1sthya Y\u00f4ga permite que cada indiv\u00edduo construa a melhor vers\u00e3o de si mesmo.<\/p><p>Oferece-nos relaxamento e contrap\u00f5e o n\u00edvel de stress presente nas nossas vidas modernas trazendo um sentimento de serenidade e equil\u00edbrio interior ao nosso dia-a-dia.<\/p><\/div>\n\t\t\t\t\t<\/div><div class=\"eael-accordion-list\">\n\t\t\t\t\t<div id=\"leitura-da-aura\" class=\"elementor-tab-title eael-accordion-header\" tabindex=\"0\" data-tab=\"2\" aria-controls=\"elementor-tab-content-1222\"><span class=\"eael-accordion-tab-title\">Leitura da Aura<\/span><i aria-hidden=\"true\" class=\"fa-toggle fas fa-angle-right\"><\/i><\/div><div id=\"elementor-tab-content-1222\" class=\"eael-accordion-content clearfix\" data-tab=\"2\" aria-labelledby=\"leitura-da-aura\"><p><img decoding=\"async\" class=\"size-medium wp-image-285 alignright\" src=\"https:\/\/anamoreira.km35633-02.keymachine.de\/cmi\/wp-content\/uploads\/2019\/12\/foto_acompanha_texto_leitura_aura-226x300.jpg\" alt=\"\" width=\"226\" height=\"300\" srcset=\"https:\/\/anamoreira.pt\/cmi\/wp-content\/uploads\/2019\/12\/foto_acompanha_texto_leitura_aura-226x300.jpg 226w, https:\/\/anamoreira.pt\/cmi\/wp-content\/uploads\/2019\/12\/foto_acompanha_texto_leitura_aura.jpg 270w\" sizes=\"(max-width: 226px) 100vw, 226px\" \/><\/p><p>A leitura da Aura consiste numa terapia que envolve a leitura dos v\u00e1rios corpos subtis, f\u00edsico, emocional, mental e espiritual.<\/p><p>A partir da leitura de cada um dos corpos, e das cores da aura, abre-se um \u201cportal de informa\u00e7\u00e3o\u201d e de liga\u00e7\u00e3o ao \u201cEu superior\u201d.<\/p><p>O seu principal objetivo \u00e9 levar a pessoa a ter uma maior consci\u00eancia dela pr\u00f3pria, respondendo \u00e0s perguntas mais profundas da sua alma e do seu ser, como qual a sua miss\u00e3o nesta vida, perceber muitos dos seus comportamentos de hoje, a forma como se relaciona, n\u00e3o s\u00f3 com ela pr\u00f3pria mas tamb\u00e9m com os outros e tudo que a rodeia.<\/p><p>Agora, com o aux\u00edlio do Sistema interativo de Aura, ser\u00e1 dada \u00e0 pessoa a possibilidade de ver a sua pr\u00f3pria energia e como ela se comporta. Com este Sistema as consultas servir\u00e3o dois prop\u00f3sitos:<br \/>\u2013 Diagn\u00f3stico de Sa\u00fade com dura\u00e7\u00e3o de cerca de 30 minutos (inclui grava\u00e7\u00e3o de \u00e1udio, foto de Aura e alguma descri\u00e7\u00e3o);<br \/>\u2013 Leitura de Aura Completa, com dura\u00e7\u00e3o dentre 60 a 90 minutos (inclui grava\u00e7\u00e3o de \u00e1udio e foto de Aura).<\/p><\/div>\n\t\t\t\t\t<\/div><\/div>\t\t\t\t<\/div>\n\t\t\t\t<\/div>\n\t\t\t\t\t<\/div>\n\t\t<\/div>\n\t\t\t\t\t<\/div>\n\t\t<\/section>\n\t\t\t\t<section class=\"elementor-section elementor-top-section elementor-element elementor-element-05b776c elementor-section-boxed elementor-section-height-default elementor-section-height-default\" data-id=\"05b776c\" data-element_type=\"section\" data-e-type=\"section\">\n\t\t\t\t\t\t<div class=\"elementor-container elementor-column-gap-default\">\n\t\t\t\t\t<div class=\"elementor-column elementor-col-100 elementor-top-column elementor-element elementor-element-1397d53\" data-id=\"1397d53\" data-element_type=\"column\" data-e-type=\"column\">\n\t\t\t<div class=\"elementor-widget-wrap elementor-element-populated\">\n\t\t\t\t\t\t<div class=\"elementor-element elementor-element-fec9be6 elementor-widget elementor-widget-spacer\" data-id=\"fec9be6\" data-element_type=\"widget\" data-e-type=\"widget\" data-widget_type=\"spacer.default\">\n\t\t\t\t<div class=\"elementor-widget-container\">\n\t\t\t\t\t\t\t<div class=\"elementor-spacer\">\n\t\t\t<div class=\"elementor-spacer-inner\"><\/div>\n\t\t<\/div>\n\t\t\t\t\t\t<\/div>\n\t\t\t\t<\/div>\n\t\t\t\t\t<\/div>\n\t\t<\/div>\n\t\t\t\t\t<\/div>\n\t\t<\/section>\n\t\t\t\t<section class=\"elementor-section elementor-top-section elementor-element elementor-element-512a5ced elementor-section-boxed elementor-section-height-default elementor-section-height-default\" data-id=\"512a5ced\" data-element_type=\"section\" data-e-type=\"section\">\n\t\t\t\t\t\t<div class=\"elementor-container elementor-column-gap-default\">\n\t\t\t\t\t<div class=\"elementor-column elementor-col-12 elementor-top-column elementor-element elementor-element-7158d8a1\" data-id=\"7158d8a1\" data-element_type=\"column\" data-e-type=\"column\">\n\t\t\t<div class=\"elementor-widget-wrap elementor-element-populated\">\n\t\t\t\t\t\t<div class=\"elementor-element elementor-element-5b13edee elementor-view-framed elementor-shape-circle elementor-widget elementor-widget-icon\" data-id=\"5b13edee\" data-element_type=\"widget\" data-e-type=\"widget\" data-widget_type=\"icon.default\">\n\t\t\t\t<div class=\"elementor-widget-container\">\n\t\t\t\t\t\t\t<div class=\"elementor-icon-wrapper\">\n\t\t\t<a class=\"elementor-icon elementor-animation-shrink\" href=\"\/cmi\/\">\n\t\t\t<i aria-hidden=\"true\" class=\"fas fa-home\"><\/i>\t\t\t<\/a>\n\t\t<\/div>\n\t\t\t\t\t\t<\/div>\n\t\t\t\t<\/div>\n\t\t\t\t<div class=\"elementor-element elementor-element-2585c10f elementor-widget elementor-widget-heading\" data-id=\"2585c10f\" data-element_type=\"widget\" data-e-type=\"widget\" data-widget_type=\"heading.default\">\n\t\t\t\t<div class=\"elementor-widget-container\">\n\t\t\t\t\t<h5 class=\"elementor-heading-title elementor-size-default\"><a href=\"\/cmi\/\">In\u00edcio<\/a><\/h5>\t\t\t\t<\/div>\n\t\t\t\t<\/div>\n\t\t\t\t\t<\/div>\n\t\t<\/div>\n\t\t\t\t<div class=\"elementor-column elementor-col-12 elementor-top-column elementor-element elementor-element-6ebf8c8\" data-id=\"6ebf8c8\" data-element_type=\"column\" data-e-type=\"column\">\n\t\t\t<div class=\"elementor-widget-wrap elementor-element-populated\">\n\t\t\t\t\t\t<div class=\"elementor-element elementor-element-5469a97 elementor-view-framed elementor-shape-circle elementor-widget elementor-widget-icon\" data-id=\"5469a97\" data-element_type=\"widget\" data-e-type=\"widget\" data-widget_type=\"icon.default\">\n\t\t\t\t<div class=\"elementor-widget-container\">\n\t\t\t\t\t\t\t<div class=\"elementor-icon-wrapper\">\n\t\t\t<a class=\"elementor-icon elementor-animation-shrink\" href=\"\/cmi\/marcacao-de-consulta\/\">\n\t\t\t<i aria-hidden=\"true\" class=\"fas fa-calendar-alt\"><\/i>\t\t\t<\/a>\n\t\t<\/div>\n\t\t\t\t\t\t<\/div>\n\t\t\t\t<\/div>\n\t\t\t\t<div class=\"elementor-element elementor-element-8890976 elementor-widget elementor-widget-heading\" data-id=\"8890976\" data-element_type=\"widget\" data-e-type=\"widget\" data-widget_type=\"heading.default\">\n\t\t\t\t<div class=\"elementor-widget-container\">\n\t\t\t\t\t<h5 class=\"elementor-heading-title elementor-size-default\"><a href=\"\/cmi\/marcacao-de-consulta\/\">Marca\u00e7\u00e3o de Consulta<\/a><\/h5>\t\t\t\t<\/div>\n\t\t\t\t<\/div>\n\t\t\t\t\t<\/div>\n\t\t<\/div>\n\t\t\t\t<div class=\"elementor-column elementor-col-12 elementor-top-column elementor-element elementor-element-64e18962\" data-id=\"64e18962\" data-element_type=\"column\" data-e-type=\"column\">\n\t\t\t<div class=\"elementor-widget-wrap elementor-element-populated\">\n\t\t\t\t\t\t<div class=\"elementor-element elementor-element-1b87109b elementor-view-framed elementor-shape-circle elementor-widget elementor-widget-icon\" data-id=\"1b87109b\" data-element_type=\"widget\" data-e-type=\"widget\" data-widget_type=\"icon.default\">\n\t\t\t\t<div class=\"elementor-widget-container\">\n\t\t\t\t\t\t\t<div class=\"elementor-icon-wrapper\">\n\t\t\t<a class=\"elementor-icon elementor-animation-shrink\" href=\"\/cmi\/equipa\/\">\n\t\t\t<i aria-hidden=\"true\" class=\"fas fa-users\"><\/i>\t\t\t<\/a>\n\t\t<\/div>\n\t\t\t\t\t\t<\/div>\n\t\t\t\t<\/div>\n\t\t\t\t<div class=\"elementor-element elementor-element-56b48ad6 elementor-widget elementor-widget-heading\" data-id=\"56b48ad6\" data-element_type=\"widget\" data-e-type=\"widget\" data-widget_type=\"heading.default\">\n\t\t\t\t<div class=\"elementor-widget-container\">\n\t\t\t\t\t<h5 class=\"elementor-heading-title elementor-size-default\"><a href=\"\/cmi\/equipa\/\">Equipa<\/a><\/h5>\t\t\t\t<\/div>\n\t\t\t\t<\/div>\n\t\t\t\t\t<\/div>\n\t\t<\/div>\n\t\t\t\t<div class=\"elementor-column elementor-col-12 elementor-top-column elementor-element elementor-element-2f4db3cb\" data-id=\"2f4db3cb\" data-element_type=\"column\" data-e-type=\"column\">\n\t\t\t<div class=\"elementor-widget-wrap elementor-element-populated\">\n\t\t\t\t\t\t<div class=\"elementor-element elementor-element-53b51fc elementor-view-framed elementor-shape-circle elementor-widget elementor-widget-icon\" data-id=\"53b51fc\" data-element_type=\"widget\" data-e-type=\"widget\" data-widget_type=\"icon.default\">\n\t\t\t\t<div class=\"elementor-widget-container\">\n\t\t\t\t\t\t\t<div class=\"elementor-icon-wrapper\">\n\t\t\t<a class=\"elementor-icon elementor-animation-shrink\" href=\"\/cmi\/cons-medicina-integrativa\/\">\n\t\t\t<i aria-hidden=\"true\" class=\"fas fa-heartbeat\"><\/i>\t\t\t<\/a>\n\t\t<\/div>\n\t\t\t\t\t\t<\/div>\n\t\t\t\t<\/div>\n\t\t\t\t<div class=\"elementor-element elementor-element-e4f6781 elementor-widget elementor-widget-heading\" data-id=\"e4f6781\" data-element_type=\"widget\" data-e-type=\"widget\" data-widget_type=\"heading.default\">\n\t\t\t\t<div class=\"elementor-widget-container\">\n\t\t\t\t\t<h5 class=\"elementor-heading-title elementor-size-default\"><a href=\"\/cmi\/cons-medicina-integrativa\/\">Medicina Integrativa<\/a><\/h5>\t\t\t\t<\/div>\n\t\t\t\t<\/div>\n\t\t\t\t\t<\/div>\n\t\t<\/div>\n\t\t\t\t<div class=\"elementor-column elementor-col-12 elementor-top-column elementor-element elementor-element-34d957af\" data-id=\"34d957af\" data-element_type=\"column\" data-e-type=\"column\">\n\t\t\t<div class=\"elementor-widget-wrap elementor-element-populated\">\n\t\t\t\t\t\t<div class=\"elementor-element elementor-element-7b067fb elementor-view-framed elementor-shape-circle elementor-widget elementor-widget-icon\" data-id=\"7b067fb\" data-element_type=\"widget\" data-e-type=\"widget\" data-widget_type=\"icon.default\">\n\t\t\t\t<div class=\"elementor-widget-container\">\n\t\t\t\t\t\t\t<div class=\"elementor-icon-wrapper\">\n\t\t\t<a class=\"elementor-icon elementor-animation-shrink\" href=\"\/cmi\/cons-medicas\/\">\n\t\t\t<i aria-hidden=\"true\" class=\"fas fa-user-md\"><\/i>\t\t\t<\/a>\n\t\t<\/div>\n\t\t\t\t\t\t<\/div>\n\t\t\t\t<\/div>\n\t\t\t\t<div class=\"elementor-element elementor-element-241782c5 elementor-widget elementor-widget-heading\" data-id=\"241782c5\" data-element_type=\"widget\" data-e-type=\"widget\" data-widget_type=\"heading.default\">\n\t\t\t\t<div class=\"elementor-widget-container\">\n\t\t\t\t\t<h5 class=\"elementor-heading-title elementor-size-default\"><a href=\"\/cmi\/cons-medicas\/\">Consultas M\u00e9dicas<\/a><\/h5>\t\t\t\t<\/div>\n\t\t\t\t<\/div>\n\t\t\t\t\t<\/div>\n\t\t<\/div>\n\t\t\t\t<div class=\"elementor-column elementor-col-12 elementor-top-column elementor-element elementor-element-688c7fc8\" data-id=\"688c7fc8\" data-element_type=\"column\" data-e-type=\"column\">\n\t\t\t<div class=\"elementor-widget-wrap elementor-element-populated\">\n\t\t\t\t\t\t<div class=\"elementor-element elementor-element-bf1c44 elementor-view-framed elementor-shape-circle elementor-widget elementor-widget-icon\" data-id=\"bf1c44\" data-element_type=\"widget\" data-e-type=\"widget\" data-widget_type=\"icon.default\">\n\t\t\t\t<div class=\"elementor-widget-container\">\n\t\t\t\t\t\t\t<div class=\"elementor-icon-wrapper\">\n\t\t\t<a class=\"elementor-icon elementor-animation-shrink\" href=\"\/cmi\/recrutamento\/\">\n\t\t\t<i aria-hidden=\"true\" class=\"fas fa-user-plus\"><\/i>\t\t\t<\/a>\n\t\t<\/div>\n\t\t\t\t\t\t<\/div>\n\t\t\t\t<\/div>\n\t\t\t\t<div class=\"elementor-element elementor-element-731c6f8c elementor-widget elementor-widget-heading\" data-id=\"731c6f8c\" data-element_type=\"widget\" data-e-type=\"widget\" data-widget_type=\"heading.default\">\n\t\t\t\t<div class=\"elementor-widget-container\">\n\t\t\t\t\t<h5 class=\"elementor-heading-title elementor-size-default\"><a href=\"\/cmi\/recrutamento\/\">Recrutamento<\/a><\/h5>\t\t\t\t<\/div>\n\t\t\t\t<\/div>\n\t\t\t\t\t<\/div>\n\t\t<\/div>\n\t\t\t\t<div class=\"elementor-column elementor-col-12 elementor-top-column elementor-element elementor-element-2b6f0bea\" data-id=\"2b6f0bea\" data-element_type=\"column\" data-e-type=\"column\">\n\t\t\t<div class=\"elementor-widget-wrap elementor-element-populated\">\n\t\t\t\t\t\t<div class=\"elementor-element elementor-element-3ee9bc35 elementor-view-framed elementor-shape-circle elementor-widget elementor-widget-icon\" data-id=\"3ee9bc35\" data-element_type=\"widget\" data-e-type=\"widget\" data-widget_type=\"icon.default\">\n\t\t\t\t<div class=\"elementor-widget-container\">\n\t\t\t\t\t\t\t<div class=\"elementor-icon-wrapper\">\n\t\t\t<a class=\"elementor-icon elementor-animation-shrink\" href=\"\/cmi\/responsabilidade-social\/\">\n\t\t\t<i aria-hidden=\"true\" class=\"fas fa-people-carry\"><\/i>\t\t\t<\/a>\n\t\t<\/div>\n\t\t\t\t\t\t<\/div>\n\t\t\t\t<\/div>\n\t\t\t\t<div class=\"elementor-element elementor-element-8b0d6a elementor-widget elementor-widget-heading\" data-id=\"8b0d6a\" data-element_type=\"widget\" data-e-type=\"widget\" data-widget_type=\"heading.default\">\n\t\t\t\t<div class=\"elementor-widget-container\">\n\t\t\t\t\t<h5 class=\"elementor-heading-title elementor-size-default\"><a href=\"\/cmi\/responsabilidade-social\/\">Responsabilidade Social<\/a><\/h5>\t\t\t\t<\/div>\n\t\t\t\t<\/div>\n\t\t\t\t\t<\/div>\n\t\t<\/div>\n\t\t\t\t<div class=\"elementor-column elementor-col-12 elementor-top-column elementor-element elementor-element-69fb4622\" data-id=\"69fb4622\" data-element_type=\"column\" data-e-type=\"column\">\n\t\t\t<div class=\"elementor-widget-wrap elementor-element-populated\">\n\t\t\t\t\t\t<div class=\"elementor-element elementor-element-18f50168 elementor-view-framed elementor-shape-circle elementor-widget elementor-widget-icon\" data-id=\"18f50168\" data-element_type=\"widget\" data-e-type=\"widget\" data-widget_type=\"icon.default\">\n\t\t\t\t<div class=\"elementor-widget-container\">\n\t\t\t\t\t\t\t<div class=\"elementor-icon-wrapper\">\n\t\t\t<a class=\"elementor-icon elementor-animation-shrink\" href=\"\/cmi\/mais-informacoes\/\">\n\t\t\t<i aria-hidden=\"true\" class=\"fab fa-readme\"><\/i>\t\t\t<\/a>\n\t\t<\/div>\n\t\t\t\t\t\t<\/div>\n\t\t\t\t<\/div>\n\t\t\t\t<div class=\"elementor-element elementor-element-5bf90066 elementor-widget elementor-widget-heading\" data-id=\"5bf90066\" data-element_type=\"widget\" data-e-type=\"widget\" data-widget_type=\"heading.default\">\n\t\t\t\t<div class=\"elementor-widget-container\">\n\t\t\t\t\t<h5 class=\"elementor-heading-title elementor-size-default\"><a href=\"\/cmi\/mais-informacoes\/\">Mais Informa\u00e7\u00f5es<\/a><\/h5>\t\t\t\t<\/div>\n\t\t\t\t<\/div>\n\t\t\t\t\t<\/div>\n\t\t<\/div>\n\t\t\t\t\t<\/div>\n\t\t<\/section>\n\t\t\t\t<\/div>\n\t\t","protected":false},"excerpt":{"rendered":"<p>Ioga O Ioga \u00e9 uma arte milenar, uma filosofia pr\u00e1tica que nasceu na \u00cdndia e que tem como objetivo o desenvolvimento, harmoniza\u00e7\u00e3o e unifica\u00e7\u00e3o do ser.A palavra YOGA deriva do S\u00e2nscrito da raiz Yuj e significa unir, atar, juntar, isto [&hellip;]<\/p>\n","protected":false},"author":1,"featured_media":0,"parent":0,"menu_order":0,"comment_status":"closed","ping_status":"closed","template":"page-templates\/page_fullwidth.php","meta":{"footnotes":""},"class_list":["post-125","page","type-page","status-publish","hentry","clearfix"],"_links":{"self":[{"href":"https:\/\/anamoreira.pt\/cmi\/wp-json\/wp\/v2\/pages\/125","targetHints":{"allow":["GET"]}}],"collection":[{"href":"https:\/\/anamoreira.pt\/cmi\/wp-json\/wp\/v2\/pages"}],"about":[{"href":"https:\/\/anamoreira.pt\/cmi\/wp-json\/wp\/v2\/types\/page"}],"author":[{"embeddable":true,"href":"https:\/\/anamoreira.pt\/cmi\/wp-json\/wp\/v2\/users\/1"}],"replies":[{"embeddable":true,"href":"https:\/\/anamoreira.pt\/cmi\/wp-json\/wp\/v2\/comments?post=125"}],"version-history":[{"count":20,"href":"https:\/\/anamoreira.pt\/cmi\/wp-json\/wp\/v2\/pages\/125\/revisions"}],"predecessor-version":[{"id":2833,"href":"https:\/\/anamoreira.pt\/cmi\/wp-json\/wp\/v2\/pages\/125\/revisions\/2833"}],"wp:attachment":[{"href":"https:\/\/anamoreira.pt\/cmi\/wp-json\/wp\/v2\/media?parent=125"}],"curies":[{"name":"wp","href":"https:\/\/api.w.org\/{rel}","templated":true}]}}