{"id":1300,"date":"2020-01-07T18:20:40","date_gmt":"2020-01-07T18:20:40","guid":{"rendered":"https:\/\/anamoreira.km35633-02.keymachine.de\/cmi\/?page_id=1300"},"modified":"2020-01-07T18:23:39","modified_gmt":"2020-01-07T18:23:39","slug":"formacao-sbmt","status":"publish","type":"page","link":"https:\/\/anamoreira.pt\/cmi\/formacao-sbmt\/","title":{"rendered":"Forma\u00e7\u00e3o | SBMT"},"content":{"rendered":"\t\t<div data-elementor-type=\"wp-page\" data-elementor-id=\"1300\" class=\"elementor elementor-1300\" data-elementor-post-type=\"page\">\n\t\t\t\t\t\t<section class=\"elementor-section elementor-top-section elementor-element elementor-element-f0f93a6 elementor-section-boxed elementor-section-height-default elementor-section-height-default\" data-id=\"f0f93a6\" data-element_type=\"section\" data-e-type=\"section\">\n\t\t\t\t\t\t<div class=\"elementor-container elementor-column-gap-default\">\n\t\t\t\t\t<div class=\"elementor-column elementor-col-100 elementor-top-column elementor-element elementor-element-633c62e\" data-id=\"633c62e\" data-element_type=\"column\" data-e-type=\"column\">\n\t\t\t<div class=\"elementor-widget-wrap elementor-element-populated\">\n\t\t\t\t\t\t<div class=\"elementor-element elementor-element-c75b02a elementor-widget elementor-widget-text-editor\" data-id=\"c75b02a\" data-element_type=\"widget\" data-e-type=\"widget\" data-widget_type=\"text-editor.default\">\n\t\t\t\t<div class=\"elementor-widget-container\">\n\t\t\t\t\t\t\t\t\t<p>A SBMT (Segmental \u2013 Metameric Bioregulatory Therapy) \u00e9 uma \u00e1rea de diagn\u00f3stico e terap\u00eautica de excel\u00eancia que tem vindo a suscitar interesse por parte dos profissionais de sa\u00fade.<\/p><p>\u00c9 uma ferramenta terap\u00eautica usada para restaurar a capacidade bio-reguladora do organismo, em casos de disfun\u00e7\u00e3o org\u00e2nica ou visceral, que surgem no contexto de diversas patologias, atrav\u00e9s das inter-rela\u00e7\u00f5es bem conhecidas entre os tecidos \u00f3sseo, muscular, conjuntivo e d\u00e9rmico.<\/p><p>Esta t\u00e9cnica terap\u00eautica d\u00e1 uma \u201cdimens\u00e3o extra\u201d a medicamentos bio-reguladores e a subst\u00e2ncias que induzem a repolariza\u00e7\u00e3o da membrana celular, como a proca\u00edna, por exemplo.<\/p><p>Esta metodologia pode ser mal interpretada como um tratamento local, para a inje\u00e7\u00e3o de anest\u00e9sicos locais e\/ou baixas doses de medicamentos imunoregulares, em zonas dolorosas dos segmentos cervical, dorsal e lombo-sagrado. No entanto, o papel dos tecidos superficiais nas patologias sist\u00e9micas, requer uma nova avalia\u00e7\u00e3o do ponto de vista da biologia dos sistemas.<\/p><p>Se o exame f\u00edsico e a semiologia cl\u00ednica forem executados e analisados com cuidado, torna-se evidente como a pele, o tecido conjuntivo, as camadas aponevr\u00f3ticas, os m\u00fasculos e o peri\u00f3steo s\u00e3o capazes de servir como \u201cespelhos\u201d do estado geral do organismo. Isto pode ser conseguido, atrav\u00e9s das rela\u00e7\u00f5es neuro-anat\u00f3micas que suportam o conceito das respostas viscero-som\u00e1ticas.<\/p><p>Para ver um pequeno v\u00eddeo sobre a Terapia Metam\u00e9rica Segmentar Bio-Reguladora\u00a0<a href=\"https:\/\/www.youtube.com\/watch?v=L2tVGLUcako\" target=\"_blank\" rel=\"noopener\">[clique aqui]<\/a><br \/>A I edi\u00e7\u00e3o da Forma\u00e7\u00e3o P\u00f3s-Graduada em \u201cTerapia Metam\u00e9rica Segmentar Bio-Reguladora\u201d decorreu em\u00a0<strong>Maio 2016<\/strong>\u00a0na cidade do PORTO e foi ministrada pelo Prof. Dr. Arturo O\u2019Byrne, m\u00e9dico, regente da cadeira de\u00a0<strong>Medicina Integrativa<\/strong>\u00a0na licenciatura de Medicina, na Faculdade de Medicina de Pontif\u00edcia (Universidade Javeriana, em Cali, Col\u00f4mbia).<\/p><p>Veja\u00a0<a href=\"\/cmi\/wp-content\/uploads\/2020\/01\/CV_Arturo_OByrne_Navia.pdf\" target=\"_blank\" rel=\"noopener\">aqui<\/a>\u00a0o CV do Prof. Dr. Arturo O\u00b4Byrne e veja o v\u00eddeo do Dr. Arturo a falar sobre esta t\u00e9cnica.\u00a0<a href=\"https:\/\/www.youtube.com\/watch?v=-Z4ASfUNeno\" target=\"_blank\" rel=\"noopener\">[clique aqui]<\/a><\/p><p>Esta forma\u00e7\u00e3o \u00e9 direcionada para m\u00e9dicos, enfermeiros, osteopatas, fisioterapeutas e outros licenciados em sa\u00fade, bem como para alunos desta mesma \u00e1rea.<br \/>No final da forma\u00e7\u00e3o ser\u00e1 entregue o respetivo diploma de participa\u00e7\u00e3o, certificado pela \u201cInternational Society of Homotoxicology\u201d, Alemanha e pelo \u201cCentro de Medicina Biol\u00f3gica Dr. Arturo O\u2019Byrne\u201d, Col\u00f4mbia.<\/p><p>As inscri\u00e7\u00f5es s\u00e3o limitadas aos lugares existentes.<\/p><p>Para mais informa\u00e7\u00f5es entre, por favor, em contacto connosco:<br \/>Telem\u00f3vel: 932 348 037<br \/>Telefone: 222 011 216<br \/>Email:\u00a0<a href=\"mailto:palestras@anamoreira.pt\">palestras@anamoreira.pt<\/a><\/p>\t\t\t\t\t\t\t\t<\/div>\n\t\t\t\t<\/div>\n\t\t\t\t\t<\/div>\n\t\t<\/div>\n\t\t\t\t\t<\/div>\n\t\t<\/section>\n\t\t\t\t<\/div>\n\t\t","protected":false},"excerpt":{"rendered":"<p>A SBMT (Segmental \u2013 Metameric Bioregulatory Therapy) \u00e9 uma \u00e1rea de diagn\u00f3stico e terap\u00eautica de excel\u00eancia que tem vindo a suscitar interesse por parte dos profissionais de sa\u00fade. \u00c9 uma ferramenta terap\u00eautica usada para restaurar a capacidade bio-reguladora do organismo, [&hellip;]<\/p>\n","protected":false},"author":1,"featured_media":0,"parent":0,"menu_order":0,"comment_status":"closed","ping_status":"closed","template":"template-full-width-page.php","meta":{"footnotes":""},"class_list":["post-1300","page","type-page","status-publish","hentry","clearfix"],"_links":{"self":[{"href":"https:\/\/anamoreira.pt\/cmi\/wp-json\/wp\/v2\/pages\/1300","targetHints":{"allow":["GET"]}}],"collection":[{"href":"https:\/\/anamoreira.pt\/cmi\/wp-json\/wp\/v2\/pages"}],"about":[{"href":"https:\/\/anamoreira.pt\/cmi\/wp-json\/wp\/v2\/types\/page"}],"author":[{"embeddable":true,"href":"https:\/\/anamoreira.pt\/cmi\/wp-json\/wp\/v2\/users\/1"}],"replies":[{"embeddable":true,"href":"https:\/\/anamoreira.pt\/cmi\/wp-json\/wp\/v2\/comments?post=1300"}],"version-history":[{"count":5,"href":"https:\/\/anamoreira.pt\/cmi\/wp-json\/wp\/v2\/pages\/1300\/revisions"}],"predecessor-version":[{"id":1306,"href":"https:\/\/anamoreira.pt\/cmi\/wp-json\/wp\/v2\/pages\/1300\/revisions\/1306"}],"wp:attachment":[{"href":"https:\/\/anamoreira.pt\/cmi\/wp-json\/wp\/v2\/media?parent=1300"}],"curies":[{"name":"wp","href":"https:\/\/api.w.org\/{rel}","templated":true}]}}