{"id":1307,"date":"2020-01-07T18:24:20","date_gmt":"2020-01-07T18:24:20","guid":{"rendered":"https:\/\/anamoreira.km35633-02.keymachine.de\/cmi\/?page_id=1307"},"modified":"2020-04-03T16:34:12","modified_gmt":"2020-04-03T16:34:12","slug":"formacao-acupuntura","status":"publish","type":"page","link":"https:\/\/anamoreira.pt\/cmi\/formacao-acupuntura\/","title":{"rendered":"Forma\u00e7\u00e3o | Acupuntura"},"content":{"rendered":"\t\t<div data-elementor-type=\"wp-page\" data-elementor-id=\"1307\" class=\"elementor elementor-1307\" data-elementor-post-type=\"page\">\n\t\t\t\t\t\t<section class=\"elementor-section elementor-top-section elementor-element elementor-element-587f3fc elementor-section-boxed elementor-section-height-default elementor-section-height-default\" data-id=\"587f3fc\" data-element_type=\"section\" data-e-type=\"section\">\n\t\t\t\t\t\t<div class=\"elementor-container elementor-column-gap-default\">\n\t\t\t\t\t<div class=\"elementor-column elementor-col-100 elementor-top-column elementor-element elementor-element-85a9435\" data-id=\"85a9435\" data-element_type=\"column\" data-e-type=\"column\">\n\t\t\t<div class=\"elementor-widget-wrap elementor-element-populated\">\n\t\t\t\t\t\t<div class=\"elementor-element elementor-element-11835d9 elementor-widget elementor-widget-text-editor\" data-id=\"11835d9\" data-element_type=\"widget\" data-e-type=\"widget\" data-widget_type=\"text-editor.default\">\n\t\t\t\t<div class=\"elementor-widget-container\">\n\t\t\t\t\t\t\t\t\t<p>A estimula\u00e7\u00e3o de pontos energ\u00e9ticos precisos, desde h\u00e1 alguns anos experimentalmente e clinicamente comprovados, origina efeitos cl\u00ednicos inquestion\u00e1veis, desde h\u00e1 mais de 5000 anos.<br \/>A OMS, organiza\u00e7\u00e3o mundial da sa\u00fade, reconhece (desde 1979) a efic\u00e1cia da acupuntura no tratamento de mais de 49 doen\u00e7as e desordens e em 2012 a UNESCO declarou-a patrim\u00f3nio cultural.<br \/>Este maravilhoso legado da cultura chinesa, vem de uma formid\u00e1vel estrutura l\u00f3gica, duma perspectiva do homem e da sua rela\u00e7\u00e3o com o seu meio ambiente, constituindo uma complexa cosmovis\u00e3o, que faz parte da Medicina Tradicional Chinesa, com a sua particular vis\u00e3o da sa\u00fade e da doen\u00e7a.<br \/>Obviamente, n\u00e3o conseguimos numa aula s\u00f3, abarcar a profundidade deste saber milenar\u2026.; embarcar-nos-emos, ent\u00e3o, numa \u201caventura\u201d para compreender os aspectos b\u00e1sicos em que se baseia a acupuntura, conhecer a fisiopatologia chinesa, as bases do diagn\u00f3stico e a terap\u00eautica, familiarizarmo-nos com os meridianos e pontos de acupuntura\u2026e, as formas de aplica\u00e7\u00e3o desta t\u00e9cnica t\u00e3o singela e in\u00f3cua na sua aplica\u00e7\u00e3o, como imensa na sua concep\u00e7\u00e3o.<\/p><p>A ideia deste(s) curso(s) ser\u00e1 permitir aos profissionais de sa\u00fade, ampliar os seus conhecimentos numa \u00e1rea f\u00e1cil de manejar, e que lhes permita integrar os conhecimentos b\u00e1sicos de Anatomia, Histologia e Fisiologia ensinados na Licenciatura, com a realidade do corpo humano como um todo.<\/p><p>Obviamente uma das indica\u00e7\u00f5es \u201cmais conhecidas\u201d da acupuntura, \u00e9 o sistema musculoesquel\u00e9tico; vamos explicar todas as outras indica\u00e7\u00f5es e as vantagens de saber associar t\u00e9cnicas.<\/p>\t\t\t\t\t\t\t\t<\/div>\n\t\t\t\t<\/div>\n\t\t\t\t\t<\/div>\n\t\t<\/div>\n\t\t\t\t\t<\/div>\n\t\t<\/section>\n\t\t\t\t<\/div>\n\t\t","protected":false},"excerpt":{"rendered":"<p>A estimula\u00e7\u00e3o de pontos energ\u00e9ticos precisos, desde h\u00e1 alguns anos experimentalmente e clinicamente comprovados, origina efeitos cl\u00ednicos inquestion\u00e1veis, desde h\u00e1 mais de 5000 anos. A OMS, organiza\u00e7\u00e3o mundial da sa\u00fade, reconhece (desde 1979) a efic\u00e1cia da acupuntura no tratamento de [&hellip;]<\/p>\n","protected":false},"author":1,"featured_media":0,"parent":0,"menu_order":0,"comment_status":"closed","ping_status":"closed","template":"","meta":{"footnotes":""},"class_list":["post-1307","page","type-page","status-publish","hentry","clearfix"],"_links":{"self":[{"href":"https:\/\/anamoreira.pt\/cmi\/wp-json\/wp\/v2\/pages\/1307","targetHints":{"allow":["GET"]}}],"collection":[{"href":"https:\/\/anamoreira.pt\/cmi\/wp-json\/wp\/v2\/pages"}],"about":[{"href":"https:\/\/anamoreira.pt\/cmi\/wp-json\/wp\/v2\/types\/page"}],"author":[{"embeddable":true,"href":"https:\/\/anamoreira.pt\/cmi\/wp-json\/wp\/v2\/users\/1"}],"replies":[{"embeddable":true,"href":"https:\/\/anamoreira.pt\/cmi\/wp-json\/wp\/v2\/comments?post=1307"}],"version-history":[{"count":3,"href":"https:\/\/anamoreira.pt\/cmi\/wp-json\/wp\/v2\/pages\/1307\/revisions"}],"predecessor-version":[{"id":1310,"href":"https:\/\/anamoreira.pt\/cmi\/wp-json\/wp\/v2\/pages\/1307\/revisions\/1310"}],"wp:attachment":[{"href":"https:\/\/anamoreira.pt\/cmi\/wp-json\/wp\/v2\/media?parent=1307"}],"curies":[{"name":"wp","href":"https:\/\/api.w.org\/{rel}","templated":true}]}}