{"id":3,"date":"2019-10-30T16:39:12","date_gmt":"2019-10-30T16:39:12","guid":{"rendered":"https:\/\/anamoreira.km35633-02.keymachine.de\/cmi\/?page_id=3"},"modified":"2023-01-26T17:12:41","modified_gmt":"2023-01-26T17:12:41","slug":"politica-de-privacidade","status":"publish","type":"page","link":"https:\/\/anamoreira.pt\/cmi\/politica-de-privacidade\/","title":{"rendered":"Pol\u00edtica de privacidade"},"content":{"rendered":"\t\t<div data-elementor-type=\"wp-page\" data-elementor-id=\"3\" class=\"elementor elementor-3\" data-elementor-post-type=\"page\">\n\t\t\t\t\t\t<section class=\"elementor-section elementor-top-section elementor-element elementor-element-52e8a70a elementor-section-boxed elementor-section-height-default elementor-section-height-default\" data-id=\"52e8a70a\" data-element_type=\"section\" data-e-type=\"section\">\n\t\t\t\t\t\t<div class=\"elementor-container elementor-column-gap-default\">\n\t\t\t\t\t<div class=\"elementor-column elementor-col-100 elementor-top-column elementor-element elementor-element-7dc831c6\" data-id=\"7dc831c6\" data-element_type=\"column\" data-e-type=\"column\">\n\t\t\t<div class=\"elementor-widget-wrap elementor-element-populated\">\n\t\t\t\t\t\t<div class=\"elementor-element elementor-element-2c5e1f8c elementor-widget elementor-widget-text-editor\" data-id=\"2c5e1f8c\" data-element_type=\"widget\" data-e-type=\"widget\" data-widget_type=\"text-editor.default\">\n\t\t\t\t<div class=\"elementor-widget-container\">\n\t\t\t\t\t\t\t\t\t\n<p>O Centro de Medicina Integrativa Dr\u00aa Ana Moreira garante aos utilizadores deste site o respeito pela sua privacidade na recolha e tratamento dos dados.<\/p>\n<p>A visita ao presente site, por si s\u00f3, n\u00e3o implica o registo, de forma autom\u00e1tica, de qualquer dado pessoal que identifique o Utilizador. No entanto, a utiliza\u00e7\u00e3o de determinados servi\u00e7os, como a subscri\u00e7\u00e3o da nossa\u00a0<em>newsletter<\/em>\u00a0e\/ou solicita\u00e7\u00e3o de consulta m\u00e9dica, poder\u00e1 implicar a disponibiliza\u00e7\u00e3o pelos Utilizadores de dados pessoais.<\/p>\n<p><strong>Recolha e Tratamento de Dados<\/strong><\/p>\n<p>O Centro de Medicina Integrativa Dr\u00aa Ana Moreira \u00e9 a entidade respons\u00e1vel pela recolha e tratamento dos dados pessoais dos Utilizadores.<\/p>\n<p>Os dados pessoais recolhidos ser\u00e3o tratados e armazenados informaticamente pelo Centro de Medicina Integrativa Dr\u00aa Ana Moreira ou pelas entidades por este subcontratadas e destinam-se a dar resposta aos seus pedidos de marca\u00e7\u00e3o de consultas, pedidos de\u00a0<em>newsletter<\/em>, pedidos de esclarecimento ou sugest\u00f5es.<\/p>\n<p>Os dados pessoais recolhidos ser\u00e3o conservados de forma a permitir a sua identifica\u00e7\u00e3o apenas durante o per\u00edodo necess\u00e1rio para a prossecu\u00e7\u00e3o das finalidades de recolha ou do tratamento posterior, findo o qual os mesmos ser\u00e3o eliminados.<\/p>\n<p>O Centro de Medicina Integrativa Dr\u00aa Ana Moreira assume que os dados recolhidos foram inseridos pelo respetivo titular e que a sua inser\u00e7\u00e3o foi autorizada pelo mesmo, sendo os mesmos verdadeiros e exatos.<\/p>\n<p><strong>Direito de Acesso<\/strong><\/p>\n<p>Nos termos previstos na lei, \u00e9 garantido ao Utilizador o direito de acesso, atualiza\u00e7\u00e3o e retifica\u00e7\u00e3o dos seus dados pessoais, bem como o direito de oposi\u00e7\u00e3o ao tratamento dos mesmos, mediante pedido escrito dirigido para a morada Rua Alves Redol, 349 \u2013 4050-043 Porto.<\/p>\n<p><strong>Comunica\u00e7\u00e3o de Dados<\/strong><\/p>\n<p>O Centro de Medicina Integrativa Dr\u00aa Ana Moreira poder\u00e1 comunicar os seus dados pessoais a terceiros desde que para o efeito tenha obtido de forma inequ\u00edvoca o consentimento dos Utilizadores ou ainda quando:<\/p>\n<ul>\n<li>a transmiss\u00e3o seja efetuada no \u00e2mbito do cumprimento de uma obriga\u00e7\u00e3o legal, de uma delibera\u00e7\u00e3o da Comiss\u00e3o Nacional de Prote\u00e7\u00e3o de Dados ou de uma ordem judicial;<\/li>\n<li>a comunica\u00e7\u00e3o seja levada a cabo para proteger interesses vitais dos Utilizadores ou qualquer outra finalidade leg\u00edtima prevista na lei.<\/li>\n<\/ul>\n<p><strong>Medidas de Seguran\u00e7a<\/strong><\/p>\n<p>O Centro de Medicina Integrativa Dr\u00aa Ana Moreira desenvolve os seus melhores esfor\u00e7os para proteger os dados pessoais dos Utilizadores contra acessos n\u00e3o autorizados atrav\u00e9s da Internet. Para o efeito utiliza sistemas de seguran\u00e7a, regras e outros procedimentos, de modo a garantir a prote\u00e7\u00e3o dos dados pessoais, bem como para prevenir o acesso n\u00e3o autorizado aos dados, o uso impr\u00f3prio, a sua divulga\u00e7\u00e3o, perda ou destrui\u00e7\u00e3o.<\/p>\n<p>\u00c9, no entanto, da sua responsabilidade garantir e assegurar que o computador que est\u00e1 a utilizar encontra-se adequadamente protegido contra softwares nocivos, v\u00edrus inform\u00e1ticos e worms. Adicionalmente, dever\u00e1 estar ciente que, sem a ado\u00e7\u00e3o de medidas de seguran\u00e7a adequadas (por exemplo, a configura\u00e7\u00e3o segura do programa de navega\u00e7\u00e3o, software antiv\u00edrus atualizado, software de barreira de seguran\u00e7a e a n\u00e3o utiliza\u00e7\u00e3o de software de origem duvidosa), o risco de os dados pessoais e passwords serem acedidos por terceiros, sem autoriza\u00e7\u00e3o para tal, \u00e9 agravado.<\/p>\n<p>No entanto, note-se que sempre que a recolha de dados seja realizada em redes abertas, como a Internet, os seus dados poder\u00e3o circular sem condi\u00e7\u00f5es de seguran\u00e7a, existindo o risco de serem vistos e utilizados por terceiros n\u00e3o autorizados.<\/p>\n<p><strong>Utiliza\u00e7\u00e3o de cookies<\/strong><\/p>\n<p>Os cookies s\u00e3o ficheiros que armazenam informa\u00e7\u00f5es no disco r\u00edgido ou browser do utilizador, permitindo que os websites o reconhe\u00e7am e saibam que j\u00e1 os visitou anteriormente.<\/p>\n<p>O utilizador pode configurar o seu browser para recusar os cookies, por\u00e9m nesse caso, o website ou partes do mesmo podem n\u00e3o funcionar corretamente.<\/p>\n<p><strong>Altera\u00e7\u00f5es \u00e0 Pol\u00edtica de Privacidade<\/strong><\/p>\n<p>O Centro de Medicina Integrativa Dr\u00aa Ana Moreira reserva-se o direito de, a todo o momento e sem aviso pr\u00e9vio e com efeitos imediatos, alterar, acrescentar ou revogar, parcial ou totalmente, a presente Pol\u00edtica de Privacidade.<\/p>\n<p>Quaisquer altera\u00e7\u00f5es ser\u00e3o imediatamente divulgadas nesta mesma p\u00e1gina online.<\/p>\n\t\t\t\t\t\t\t\t<\/div>\n\t\t\t\t<\/div>\n\t\t\t\t\t<\/div>\n\t\t<\/div>\n\t\t\t\t\t<\/div>\n\t\t<\/section>\n\t\t\t\t<section class=\"elementor-section elementor-top-section elementor-element elementor-element-1556321 elementor-section-boxed elementor-section-height-default elementor-section-height-default\" data-id=\"1556321\" data-element_type=\"section\" data-e-type=\"section\">\n\t\t\t\t\t\t<div class=\"elementor-container elementor-column-gap-default\">\n\t\t\t\t\t<div class=\"elementor-column elementor-col-100 elementor-top-column elementor-element elementor-element-33deca5\" data-id=\"33deca5\" data-element_type=\"column\" data-e-type=\"column\">\n\t\t\t<div class=\"elementor-widget-wrap elementor-element-populated\">\n\t\t\t\t\t\t<div class=\"elementor-element elementor-element-8aecab5 elementor-widget elementor-widget-spacer\" data-id=\"8aecab5\" data-element_type=\"widget\" data-e-type=\"widget\" data-widget_type=\"spacer.default\">\n\t\t\t\t<div class=\"elementor-widget-container\">\n\t\t\t\t\t\t\t<div class=\"elementor-spacer\">\n\t\t\t<div class=\"elementor-spacer-inner\"><\/div>\n\t\t<\/div>\n\t\t\t\t\t\t<\/div>\n\t\t\t\t<\/div>\n\t\t\t\t\t<\/div>\n\t\t<\/div>\n\t\t\t\t\t<\/div>\n\t\t<\/section>\n\t\t\t\t<section class=\"elementor-section elementor-top-section elementor-element elementor-element-927ddd6 elementor-section-boxed elementor-section-height-default elementor-section-height-default\" data-id=\"927ddd6\" data-element_type=\"section\" data-e-type=\"section\">\n\t\t\t\t\t\t<div class=\"elementor-container elementor-column-gap-default\">\n\t\t\t\t\t<div class=\"elementor-column elementor-col-12 elementor-top-column elementor-element elementor-element-39b39a01\" data-id=\"39b39a01\" data-element_type=\"column\" data-e-type=\"column\">\n\t\t\t<div class=\"elementor-widget-wrap elementor-element-populated\">\n\t\t\t\t\t\t<div class=\"elementor-element elementor-element-1f72c521 elementor-view-framed elementor-shape-circle elementor-widget elementor-widget-icon\" data-id=\"1f72c521\" data-element_type=\"widget\" data-e-type=\"widget\" data-widget_type=\"icon.default\">\n\t\t\t\t<div class=\"elementor-widget-container\">\n\t\t\t\t\t\t\t<div class=\"elementor-icon-wrapper\">\n\t\t\t<a class=\"elementor-icon elementor-animation-shrink\" href=\"\/cmi\/marcacao-de-consulta\/\">\n\t\t\t<i aria-hidden=\"true\" class=\"fas fa-calendar-alt\"><\/i>\t\t\t<\/a>\n\t\t<\/div>\n\t\t\t\t\t\t<\/div>\n\t\t\t\t<\/div>\n\t\t\t\t<div class=\"elementor-element elementor-element-7b62686d elementor-widget elementor-widget-heading\" data-id=\"7b62686d\" data-element_type=\"widget\" data-e-type=\"widget\" data-widget_type=\"heading.default\">\n\t\t\t\t<div class=\"elementor-widget-container\">\n\t\t\t\t\t<h5 class=\"elementor-heading-title elementor-size-default\"><a href=\"\/cmi\/marcacao-de-consulta\/\">Marca\u00e7\u00e3o de Consulta<\/a><\/h5>\t\t\t\t<\/div>\n\t\t\t\t<\/div>\n\t\t\t\t\t<\/div>\n\t\t<\/div>\n\t\t\t\t<div class=\"elementor-column elementor-col-12 elementor-top-column elementor-element elementor-element-2f487905\" data-id=\"2f487905\" data-element_type=\"column\" data-e-type=\"column\">\n\t\t\t<div class=\"elementor-widget-wrap elementor-element-populated\">\n\t\t\t\t\t\t<div class=\"elementor-element elementor-element-67c92f23 elementor-view-framed elementor-shape-circle elementor-widget elementor-widget-icon\" data-id=\"67c92f23\" data-element_type=\"widget\" data-e-type=\"widget\" data-widget_type=\"icon.default\">\n\t\t\t\t<div class=\"elementor-widget-container\">\n\t\t\t\t\t\t\t<div class=\"elementor-icon-wrapper\">\n\t\t\t<a class=\"elementor-icon elementor-animation-shrink\" href=\"\/cmi\/equipa\/\">\n\t\t\t<i aria-hidden=\"true\" class=\"fas fa-users\"><\/i>\t\t\t<\/a>\n\t\t<\/div>\n\t\t\t\t\t\t<\/div>\n\t\t\t\t<\/div>\n\t\t\t\t<div class=\"elementor-element elementor-element-390928bc elementor-widget elementor-widget-heading\" data-id=\"390928bc\" data-element_type=\"widget\" data-e-type=\"widget\" data-widget_type=\"heading.default\">\n\t\t\t\t<div class=\"elementor-widget-container\">\n\t\t\t\t\t<h5 class=\"elementor-heading-title elementor-size-default\"><a href=\"\/cmi\/equipa\/\">Equipa<\/a><\/h5>\t\t\t\t<\/div>\n\t\t\t\t<\/div>\n\t\t\t\t\t<\/div>\n\t\t<\/div>\n\t\t\t\t<div class=\"elementor-column elementor-col-12 elementor-top-column elementor-element elementor-element-62547eca\" data-id=\"62547eca\" data-element_type=\"column\" data-e-type=\"column\">\n\t\t\t<div class=\"elementor-widget-wrap elementor-element-populated\">\n\t\t\t\t\t\t<div class=\"elementor-element elementor-element-666d50aa elementor-view-framed elementor-shape-circle elementor-widget elementor-widget-icon\" data-id=\"666d50aa\" data-element_type=\"widget\" data-e-type=\"widget\" data-widget_type=\"icon.default\">\n\t\t\t\t<div class=\"elementor-widget-container\">\n\t\t\t\t\t\t\t<div class=\"elementor-icon-wrapper\">\n\t\t\t<a class=\"elementor-icon elementor-animation-shrink\" href=\"\/cmi\/cons-medicas\/\">\n\t\t\t<i aria-hidden=\"true\" class=\"fas fa-user-md\"><\/i>\t\t\t<\/a>\n\t\t<\/div>\n\t\t\t\t\t\t<\/div>\n\t\t\t\t<\/div>\n\t\t\t\t<div class=\"elementor-element elementor-element-4b93a363 elementor-widget elementor-widget-heading\" data-id=\"4b93a363\" data-element_type=\"widget\" data-e-type=\"widget\" data-widget_type=\"heading.default\">\n\t\t\t\t<div class=\"elementor-widget-container\">\n\t\t\t\t\t<h5 class=\"elementor-heading-title elementor-size-default\"><a href=\"\/cmi\/cons-medicas\/\">Consultas M\u00e9dicas<\/a><\/h5>\t\t\t\t<\/div>\n\t\t\t\t<\/div>\n\t\t\t\t\t<\/div>\n\t\t<\/div>\n\t\t\t\t<div class=\"elementor-column elementor-col-12 elementor-top-column elementor-element elementor-element-746d5457\" data-id=\"746d5457\" data-element_type=\"column\" data-e-type=\"column\">\n\t\t\t<div class=\"elementor-widget-wrap elementor-element-populated\">\n\t\t\t\t\t\t<div class=\"elementor-element elementor-element-82586fd elementor-view-framed elementor-shape-circle elementor-widget elementor-widget-icon\" data-id=\"82586fd\" data-element_type=\"widget\" data-e-type=\"widget\" data-widget_type=\"icon.default\">\n\t\t\t\t<div class=\"elementor-widget-container\">\n\t\t\t\t\t\t\t<div class=\"elementor-icon-wrapper\">\n\t\t\t<a class=\"elementor-icon elementor-animation-shrink\" href=\"\/cmi\/cons-medicina-integrativa\/\">\n\t\t\t<i aria-hidden=\"true\" class=\"fas fa-heartbeat\"><\/i>\t\t\t<\/a>\n\t\t<\/div>\n\t\t\t\t\t\t<\/div>\n\t\t\t\t<\/div>\n\t\t\t\t<div class=\"elementor-element elementor-element-2174dbd2 elementor-widget elementor-widget-heading\" data-id=\"2174dbd2\" data-element_type=\"widget\" data-e-type=\"widget\" data-widget_type=\"heading.default\">\n\t\t\t\t<div class=\"elementor-widget-container\">\n\t\t\t\t\t<h5 class=\"elementor-heading-title elementor-size-default\"><a href=\"\/cmi\/cons-medicina-integrativa\/\">Medicina Integrativa<\/a><\/h5>\t\t\t\t<\/div>\n\t\t\t\t<\/div>\n\t\t\t\t\t<\/div>\n\t\t<\/div>\n\t\t\t\t<div class=\"elementor-column elementor-col-12 elementor-top-column elementor-element elementor-element-2d3d1f67\" data-id=\"2d3d1f67\" data-element_type=\"column\" data-e-type=\"column\">\n\t\t\t<div class=\"elementor-widget-wrap elementor-element-populated\">\n\t\t\t\t\t\t<div class=\"elementor-element elementor-element-1bae74cb elementor-view-framed elementor-shape-circle elementor-widget elementor-widget-icon\" data-id=\"1bae74cb\" data-element_type=\"widget\" data-e-type=\"widget\" data-widget_type=\"icon.default\">\n\t\t\t\t<div class=\"elementor-widget-container\">\n\t\t\t\t\t\t\t<div class=\"elementor-icon-wrapper\">\n\t\t\t<a class=\"elementor-icon elementor-animation-shrink\" href=\"\/cmi\/recrutamento\/\">\n\t\t\t<i aria-hidden=\"true\" class=\"fas fa-user-plus\"><\/i>\t\t\t<\/a>\n\t\t<\/div>\n\t\t\t\t\t\t<\/div>\n\t\t\t\t<\/div>\n\t\t\t\t<div class=\"elementor-element elementor-element-4952eee7 elementor-widget elementor-widget-heading\" data-id=\"4952eee7\" data-element_type=\"widget\" data-e-type=\"widget\" data-widget_type=\"heading.default\">\n\t\t\t\t<div class=\"elementor-widget-container\">\n\t\t\t\t\t<h5 class=\"elementor-heading-title elementor-size-default\"><a href=\"\/cmi\/recrutamento\/\">Recrutamento<\/a><\/h5>\t\t\t\t<\/div>\n\t\t\t\t<\/div>\n\t\t\t\t\t<\/div>\n\t\t<\/div>\n\t\t\t\t<div class=\"elementor-column elementor-col-12 elementor-top-column elementor-element elementor-element-1816d0f7\" data-id=\"1816d0f7\" data-element_type=\"column\" data-e-type=\"column\">\n\t\t\t<div class=\"elementor-widget-wrap elementor-element-populated\">\n\t\t\t\t\t\t<div class=\"elementor-element elementor-element-39239a64 elementor-view-framed elementor-shape-circle elementor-widget elementor-widget-icon\" data-id=\"39239a64\" data-element_type=\"widget\" data-e-type=\"widget\" data-widget_type=\"icon.default\">\n\t\t\t\t<div class=\"elementor-widget-container\">\n\t\t\t\t\t\t\t<div class=\"elementor-icon-wrapper\">\n\t\t\t<a class=\"elementor-icon elementor-animation-shrink\" href=\"\/cmi\/outros-servicos\/\">\n\t\t\t<i aria-hidden=\"true\" class=\"fas fa-briefcase\"><\/i>\t\t\t<\/a>\n\t\t<\/div>\n\t\t\t\t\t\t<\/div>\n\t\t\t\t<\/div>\n\t\t\t\t<div class=\"elementor-element elementor-element-1468fdff elementor-widget elementor-widget-heading\" data-id=\"1468fdff\" data-element_type=\"widget\" data-e-type=\"widget\" data-widget_type=\"heading.default\">\n\t\t\t\t<div class=\"elementor-widget-container\">\n\t\t\t\t\t<h5 class=\"elementor-heading-title elementor-size-default\"><a href=\"\/cmi\/outros-servicos\/\">Outros Servi\u00e7os<\/a><\/h5>\t\t\t\t<\/div>\n\t\t\t\t<\/div>\n\t\t\t\t\t<\/div>\n\t\t<\/div>\n\t\t\t\t<div class=\"elementor-column elementor-col-12 elementor-top-column elementor-element elementor-element-3240ddfa\" data-id=\"3240ddfa\" data-element_type=\"column\" data-e-type=\"column\">\n\t\t\t<div class=\"elementor-widget-wrap elementor-element-populated\">\n\t\t\t\t\t\t<div class=\"elementor-element elementor-element-2449d8b2 elementor-view-framed elementor-shape-circle elementor-widget elementor-widget-icon\" data-id=\"2449d8b2\" data-element_type=\"widget\" data-e-type=\"widget\" data-widget_type=\"icon.default\">\n\t\t\t\t<div class=\"elementor-widget-container\">\n\t\t\t\t\t\t\t<div class=\"elementor-icon-wrapper\">\n\t\t\t<a class=\"elementor-icon elementor-animation-shrink\" href=\"http:\/\/cmi\/responsabilidade-social\/\">\n\t\t\t<i aria-hidden=\"true\" class=\"fas fa-people-carry\"><\/i>\t\t\t<\/a>\n\t\t<\/div>\n\t\t\t\t\t\t<\/div>\n\t\t\t\t<\/div>\n\t\t\t\t<div class=\"elementor-element elementor-element-3c799b10 elementor-widget elementor-widget-heading\" data-id=\"3c799b10\" data-element_type=\"widget\" data-e-type=\"widget\" data-widget_type=\"heading.default\">\n\t\t\t\t<div class=\"elementor-widget-container\">\n\t\t\t\t\t<h5 class=\"elementor-heading-title elementor-size-default\"><a href=\"http:\/\/cmi\/responsabilidade-social\/\">Responsabilidade Social<\/a><\/h5>\t\t\t\t<\/div>\n\t\t\t\t<\/div>\n\t\t\t\t\t<\/div>\n\t\t<\/div>\n\t\t\t\t<div class=\"elementor-column elementor-col-12 elementor-top-column elementor-element elementor-element-2eac3700\" data-id=\"2eac3700\" data-element_type=\"column\" data-e-type=\"column\">\n\t\t\t<div class=\"elementor-widget-wrap elementor-element-populated\">\n\t\t\t\t\t\t<div class=\"elementor-element elementor-element-55690972 elementor-view-framed elementor-shape-circle elementor-widget elementor-widget-icon\" data-id=\"55690972\" data-element_type=\"widget\" data-e-type=\"widget\" data-widget_type=\"icon.default\">\n\t\t\t\t<div class=\"elementor-widget-container\">\n\t\t\t\t\t\t\t<div class=\"elementor-icon-wrapper\">\n\t\t\t<a class=\"elementor-icon elementor-animation-shrink\" href=\"\/cmi\/mais-informacoes\/\">\n\t\t\t<i aria-hidden=\"true\" class=\"fab fa-readme\"><\/i>\t\t\t<\/a>\n\t\t<\/div>\n\t\t\t\t\t\t<\/div>\n\t\t\t\t<\/div>\n\t\t\t\t<div class=\"elementor-element elementor-element-223e8f7 elementor-widget elementor-widget-heading\" data-id=\"223e8f7\" data-element_type=\"widget\" data-e-type=\"widget\" data-widget_type=\"heading.default\">\n\t\t\t\t<div class=\"elementor-widget-container\">\n\t\t\t\t\t<h5 class=\"elementor-heading-title elementor-size-default\"><a href=\"\/cmi\/mais-informacoes\/\">Mais Informa\u00e7\u00f5es<\/a><\/h5>\t\t\t\t<\/div>\n\t\t\t\t<\/div>\n\t\t\t\t\t<\/div>\n\t\t<\/div>\n\t\t\t\t\t<\/div>\n\t\t<\/section>\n\t\t\t\t<\/div>\n\t\t","protected":false},"excerpt":{"rendered":"<p>O Centro de Medicina Integrativa Dr\u00aa Ana Moreira garante aos utilizadores deste site o respeito pela sua privacidade na recolha e tratamento dos dados. A visita ao presente site, por si s\u00f3, n\u00e3o implica o registo, de forma autom\u00e1tica, de [&hellip;]<\/p>\n","protected":false},"author":1,"featured_media":0,"parent":0,"menu_order":0,"comment_status":"closed","ping_status":"closed","template":"page-templates\/page_fullwidth.php","meta":{"footnotes":""},"class_list":["post-3","page","type-page","status-publish","hentry","clearfix"],"_links":{"self":[{"href":"https:\/\/anamoreira.pt\/cmi\/wp-json\/wp\/v2\/pages\/3","targetHints":{"allow":["GET"]}}],"collection":[{"href":"https:\/\/anamoreira.pt\/cmi\/wp-json\/wp\/v2\/pages"}],"about":[{"href":"https:\/\/anamoreira.pt\/cmi\/wp-json\/wp\/v2\/types\/page"}],"author":[{"embeddable":true,"href":"https:\/\/anamoreira.pt\/cmi\/wp-json\/wp\/v2\/users\/1"}],"replies":[{"embeddable":true,"href":"https:\/\/anamoreira.pt\/cmi\/wp-json\/wp\/v2\/comments?post=3"}],"version-history":[{"count":15,"href":"https:\/\/anamoreira.pt\/cmi\/wp-json\/wp\/v2\/pages\/3\/revisions"}],"predecessor-version":[{"id":6088,"href":"https:\/\/anamoreira.pt\/cmi\/wp-json\/wp\/v2\/pages\/3\/revisions\/6088"}],"wp:attachment":[{"href":"https:\/\/anamoreira.pt\/cmi\/wp-json\/wp\/v2\/media?parent=3"}],"curies":[{"name":"wp","href":"https:\/\/api.w.org\/{rel}","templated":true}]}}