{"id":3310,"date":"2021-04-01T09:14:51","date_gmt":"2021-04-01T09:14:51","guid":{"rendered":"https:\/\/anamoreira.pt\/cmi\/?page_id=3310"},"modified":"2021-04-01T09:22:36","modified_gmt":"2021-04-01T09:22:36","slug":"geobiologia","status":"publish","type":"page","link":"https:\/\/anamoreira.pt\/cmi\/geobiologia\/","title":{"rendered":"Geobiologia"},"content":{"rendered":"\t\t<div data-elementor-type=\"wp-page\" data-elementor-id=\"3310\" class=\"elementor elementor-3310\" data-elementor-post-type=\"page\">\n\t\t\t\t\t\t<section class=\"elementor-section elementor-top-section elementor-element elementor-element-db67a12 elementor-section-boxed elementor-section-height-default elementor-section-height-default\" data-id=\"db67a12\" data-element_type=\"section\" data-e-type=\"section\">\n\t\t\t\t\t\t<div class=\"elementor-container elementor-column-gap-default\">\n\t\t\t\t\t<div class=\"elementor-column elementor-col-100 elementor-top-column elementor-element elementor-element-ab96b03\" data-id=\"ab96b03\" data-element_type=\"column\" data-e-type=\"column\">\n\t\t\t<div class=\"elementor-widget-wrap elementor-element-populated\">\n\t\t\t\t\t\t<div class=\"elementor-element elementor-element-a25ff3a elementor-widget elementor-widget-text-editor\" data-id=\"a25ff3a\" data-element_type=\"widget\" data-e-type=\"widget\" data-widget_type=\"text-editor.default\">\n\t\t\t\t<div class=\"elementor-widget-container\">\n\t\t\t\t\t\t\t\t\t<h3><strong>GEO &#8211; BIO &#8211; LOGIA<\/strong><\/h3><h3><strong>GEO = a TERRA<\/strong><\/h3><h3><strong>BIO = a VIDA<\/strong><\/h3><h3><strong>LOGIA = o CONHECIMENTO<\/strong><\/h3><h3><strong>CONHECIMENTO SOBRE A VIDA NA TERRA<\/strong><\/h3>\t\t\t\t\t\t\t\t<\/div>\n\t\t\t\t<\/div>\n\t\t\t\t\t<\/div>\n\t\t<\/div>\n\t\t\t\t\t<\/div>\n\t\t<\/section>\n\t\t\t\t<section class=\"elementor-section elementor-top-section elementor-element elementor-element-d636fb6 elementor-section-boxed elementor-section-height-default elementor-section-height-default\" data-id=\"d636fb6\" data-element_type=\"section\" data-e-type=\"section\">\n\t\t\t\t\t\t<div class=\"elementor-container elementor-column-gap-default\">\n\t\t\t\t\t<div class=\"elementor-column elementor-col-100 elementor-top-column elementor-element elementor-element-6f8569e\" data-id=\"6f8569e\" data-element_type=\"column\" data-e-type=\"column\">\n\t\t\t<div class=\"elementor-widget-wrap elementor-element-populated\">\n\t\t\t\t\t\t<div class=\"elementor-element elementor-element-10892b5 elementor-widget elementor-widget-text-editor\" data-id=\"10892b5\" data-element_type=\"widget\" data-e-type=\"widget\" data-widget_type=\"text-editor.default\">\n\t\t\t\t<div class=\"elementor-widget-container\">\n\t\t\t\t\t\t\t\t\t<p>\u00c9 um conhecimento t\u00e3o antigo quanto a exist\u00eancia da humanidade na Terra, mas foi abandonado no Ocidente h\u00e1 mais de cinco s\u00e9culos. Os nossos engenheiros e arquitetos atuais t\u00eam todos os dispositivos necess\u00e1rios para us\u00e1-la.<\/p><p>\u00c9 tamb\u00e9m uma arte porque vamos descobrindo, aos poucos, esse conhecimento esquecido gra\u00e7as \u00e0s contribui\u00e7\u00f5es da radiestesia.<\/p><p>Mois\u00e9s foi o primeiro radiestesista conhecido da hist\u00f3ria humana recente, porque encontrou, no deserto, com o seu cajado, \u00e1gua suficiente para saciar o povo hebreu que se encontrava em fuga do Egipto. Durante dois mil anos, apenas a \u201cvarinha de vedor\u201d de Mois\u00e9s foi conhecida. Os rel\u00f3gios de jade e os bast\u00f5es divinat\u00f3rios dos padres eg\u00edpcios ou chineses foram esquecidos.<\/p><p>Foram os padres franceses, BOULY e MERMET que redescobriram o uso do p\u00eandulo durante os anos de 1910 a 1935. Depois, foi um m\u00e9dico parisiense, Doutor PEYR\u00c9, que relatou, em 1940, na Academia de Ci\u00eancias, ter observado uma esp\u00e9cie de paredes de vibra\u00e7\u00f5es vindas do solo. Posteriormente, em 1952, foi um m\u00e9dico alem\u00e3o, Doutor HARTMANN, ajudado pelo seu irm\u00e3o, um engenheiro, que descobriu outro tipo de vibra\u00e7\u00f5es do solo com a forma de ret\u00e2ngulos orientados norte-sul. J\u00e1 em 1953, um meteorologista, Dr. CURRY, descobriu vibra\u00e7\u00f5es id\u00eanticas \u00e0s de Hartmann, mas orientadas obliquamente a quarenta e cinco graus. Em qualquer dos casos tais redes n\u00e3o se detinham na crosta terrestre. Funcionavam como zonas de respira\u00e7\u00e3o da Terra e avan\u00e7avam at\u00e9 \u00e0 estratosfera, contribuindo para o seu complexo escudo eletromagn\u00e9tico. S\u00f3 quarenta anos depois \u00e9 que um arquiteto franc\u00eas, Georges PRAT, reconheceu que todas as vibra\u00e7\u00f5es anteriores pertencem a um conjunto mais vasto de vibra\u00e7\u00f5es emitidas pelos diferentes materiais que constituem o interior do planeta Terra. Se por um lado, o n\u00facleo central, em fus\u00e3o, \u00e9 constitu\u00eddo, na sua maioria, por n\u00edquel e ferro, o resto do globo cont\u00e9m todos os outros metais, que tamb\u00e9m est\u00e3o pressionados a altas temperaturas e, portanto, radiantes.<\/p>\t\t\t\t\t\t\t\t<\/div>\n\t\t\t\t<\/div>\n\t\t\t\t\t<\/div>\n\t\t<\/div>\n\t\t\t\t\t<\/div>\n\t\t<\/section>\n\t\t\t\t<section class=\"elementor-section elementor-top-section elementor-element elementor-element-23e3ef0 elementor-section-boxed elementor-section-height-default elementor-section-height-default\" data-id=\"23e3ef0\" data-element_type=\"section\" data-e-type=\"section\">\n\t\t\t\t\t\t<div class=\"elementor-container elementor-column-gap-default\">\n\t\t\t\t\t<div class=\"elementor-column elementor-col-100 elementor-top-column elementor-element elementor-element-9cf3a18\" data-id=\"9cf3a18\" data-element_type=\"column\" data-e-type=\"column\">\n\t\t\t<div class=\"elementor-widget-wrap elementor-element-populated\">\n\t\t\t\t\t\t<div class=\"elementor-element elementor-element-ca70dae elementor-widget elementor-widget-text-editor\" data-id=\"ca70dae\" data-element_type=\"widget\" data-e-type=\"widget\" data-widget_type=\"text-editor.default\">\n\t\t\t\t<div class=\"elementor-widget-container\">\n\t\t\t\t\t\t\t\t\t<ul><li><strong>A rede Peyr\u00e9 \u00e9 de cobre,<\/strong><\/li><li><strong>A rede Hartmann \u00e9 de n\u00edquel,<\/strong><\/li><li><strong>A rede Curry \u00e9 de ferro.<\/strong><\/li><\/ul>\t\t\t\t\t\t\t\t<\/div>\n\t\t\t\t<\/div>\n\t\t\t\t\t<\/div>\n\t\t<\/div>\n\t\t\t\t\t<\/div>\n\t\t<\/section>\n\t\t\t\t<section class=\"elementor-section elementor-top-section elementor-element elementor-element-06d275c elementor-section-boxed elementor-section-height-default elementor-section-height-default\" data-id=\"06d275c\" data-element_type=\"section\" data-e-type=\"section\">\n\t\t\t\t\t\t<div class=\"elementor-container elementor-column-gap-default\">\n\t\t\t\t\t<div class=\"elementor-column elementor-col-100 elementor-top-column elementor-element elementor-element-542768f\" data-id=\"542768f\" data-element_type=\"column\" data-e-type=\"column\">\n\t\t\t<div class=\"elementor-widget-wrap elementor-element-populated\">\n\t\t\t\t\t\t<div class=\"elementor-element elementor-element-b45a59c elementor-widget elementor-widget-text-editor\" data-id=\"b45a59c\" data-element_type=\"widget\" data-e-type=\"widget\" data-widget_type=\"text-editor.default\">\n\t\t\t\t<div class=\"elementor-widget-container\">\n\t\t\t\t\t\t\t\t\t<p>Georges PRAT apaixonou-se depois pela investiga\u00e7\u00e3o das radia\u00e7\u00f5es de outros metais, come\u00e7ando pela rara, mas poderosa, rede de OURO, descobrindo assim que o ouro e a prata, sempre ligados, s\u00e3o a base do estabelecimento de todos os lugares de alta vibra\u00e7\u00e3o do planeta; Chartres, Lhassa, Kyoto, etc &#8230; Isso significa que aqueles, entre os mais velhos que ergueram os templos neol\u00edticos para curar ou honrar os seus semelhantes, j\u00e1 dominavam perfeitamente os conhecimentos da Geobiologia.<\/p><p>Geobiologia \u00e9, portanto, o estudo dos fluxos de energia, que chegam at\u00e9 n\u00f3s vindos do interior da Terra ou do cosmos, e do seu impacto no ambiente e na nossa sa\u00fade. Tem aspetos comuns ao Feng-Shui chin\u00eas e \u00e0 Vaasthusastra indiana, ci\u00eancias asi\u00e1ticas milenares.<\/p>\t\t\t\t\t\t\t\t<\/div>\n\t\t\t\t<\/div>\n\t\t\t\t\t<\/div>\n\t\t<\/div>\n\t\t\t\t\t<\/div>\n\t\t<\/section>\n\t\t\t\t<section class=\"elementor-section elementor-top-section elementor-element elementor-element-8f9a64c elementor-section-boxed elementor-section-height-default elementor-section-height-default\" data-id=\"8f9a64c\" data-element_type=\"section\" data-e-type=\"section\">\n\t\t\t\t\t\t<div class=\"elementor-container elementor-column-gap-default\">\n\t\t\t\t\t<div class=\"elementor-column elementor-col-100 elementor-top-column elementor-element elementor-element-97aeef9\" data-id=\"97aeef9\" data-element_type=\"column\" data-e-type=\"column\">\n\t\t\t<div class=\"elementor-widget-wrap elementor-element-populated\">\n\t\t\t\t\t\t<div class=\"elementor-element elementor-element-81b0520 elementor-widget elementor-widget-spacer\" data-id=\"81b0520\" data-element_type=\"widget\" data-e-type=\"widget\" data-widget_type=\"spacer.default\">\n\t\t\t\t<div class=\"elementor-widget-container\">\n\t\t\t\t\t\t\t<div class=\"elementor-spacer\">\n\t\t\t<div class=\"elementor-spacer-inner\"><\/div>\n\t\t<\/div>\n\t\t\t\t\t\t<\/div>\n\t\t\t\t<\/div>\n\t\t\t\t\t<\/div>\n\t\t<\/div>\n\t\t\t\t\t<\/div>\n\t\t<\/section>\n\t\t\t\t<section class=\"elementor-section elementor-top-section elementor-element elementor-element-1d008d3b elementor-section-boxed elementor-section-height-default elementor-section-height-default\" data-id=\"1d008d3b\" data-element_type=\"section\" data-e-type=\"section\">\n\t\t\t\t\t\t<div class=\"elementor-container elementor-column-gap-default\">\n\t\t\t\t\t<div class=\"elementor-column elementor-col-16 elementor-top-column elementor-element elementor-element-33bce2ec\" data-id=\"33bce2ec\" data-element_type=\"column\" data-e-type=\"column\">\n\t\t\t<div class=\"elementor-widget-wrap elementor-element-populated\">\n\t\t\t\t\t\t<div class=\"elementor-element elementor-element-30a9c963 elementor-view-framed elementor-shape-circle elementor-widget elementor-widget-icon\" data-id=\"30a9c963\" data-element_type=\"widget\" data-e-type=\"widget\" data-widget_type=\"icon.default\">\n\t\t\t\t<div class=\"elementor-widget-container\">\n\t\t\t\t\t\t\t<div class=\"elementor-icon-wrapper\">\n\t\t\t<a class=\"elementor-icon elementor-animation-shrink\" href=\"\/cmi\/\">\n\t\t\t<i aria-hidden=\"true\" class=\"fas fa-home\"><\/i>\t\t\t<\/a>\n\t\t<\/div>\n\t\t\t\t\t\t<\/div>\n\t\t\t\t<\/div>\n\t\t\t\t<div class=\"elementor-element elementor-element-15486d09 elementor-widget elementor-widget-heading\" data-id=\"15486d09\" data-element_type=\"widget\" data-e-type=\"widget\" data-widget_type=\"heading.default\">\n\t\t\t\t<div class=\"elementor-widget-container\">\n\t\t\t\t\t<h5 class=\"elementor-heading-title elementor-size-default\"><a href=\"\/cmi\/\">In\u00edcio<\/a><\/h5>\t\t\t\t<\/div>\n\t\t\t\t<\/div>\n\t\t\t\t\t<\/div>\n\t\t<\/div>\n\t\t\t\t<div class=\"elementor-column elementor-col-16 elementor-top-column elementor-element elementor-element-33863db7\" data-id=\"33863db7\" data-element_type=\"column\" data-e-type=\"column\">\n\t\t\t<div class=\"elementor-widget-wrap elementor-element-populated\">\n\t\t\t\t\t\t<div class=\"elementor-element elementor-element-520ff4ef elementor-view-framed elementor-shape-circle elementor-widget elementor-widget-icon\" data-id=\"520ff4ef\" data-element_type=\"widget\" data-e-type=\"widget\" data-widget_type=\"icon.default\">\n\t\t\t\t<div class=\"elementor-widget-container\">\n\t\t\t\t\t\t\t<div class=\"elementor-icon-wrapper\">\n\t\t\t<a class=\"elementor-icon elementor-animation-shrink\" href=\"\/cmi\/marcacao-de-consulta\/\">\n\t\t\t<i aria-hidden=\"true\" class=\"fas fa-calendar-alt\"><\/i>\t\t\t<\/a>\n\t\t<\/div>\n\t\t\t\t\t\t<\/div>\n\t\t\t\t<\/div>\n\t\t\t\t<div class=\"elementor-element elementor-element-870e6d8 elementor-widget elementor-widget-heading\" data-id=\"870e6d8\" data-element_type=\"widget\" data-e-type=\"widget\" data-widget_type=\"heading.default\">\n\t\t\t\t<div class=\"elementor-widget-container\">\n\t\t\t\t\t<h5 class=\"elementor-heading-title elementor-size-default\"><a href=\"\/cmi\/marcacao-de-consulta\/\">Marca\u00e7\u00e3o de Consulta<\/a><\/h5>\t\t\t\t<\/div>\n\t\t\t\t<\/div>\n\t\t\t\t\t<\/div>\n\t\t<\/div>\n\t\t\t\t<div class=\"elementor-column elementor-col-16 elementor-top-column elementor-element elementor-element-7488f8d7\" data-id=\"7488f8d7\" data-element_type=\"column\" data-e-type=\"column\">\n\t\t\t<div class=\"elementor-widget-wrap elementor-element-populated\">\n\t\t\t\t\t\t<div class=\"elementor-element elementor-element-da71982 elementor-view-framed elementor-shape-circle elementor-widget elementor-widget-icon\" data-id=\"da71982\" data-element_type=\"widget\" data-e-type=\"widget\" data-widget_type=\"icon.default\">\n\t\t\t\t<div class=\"elementor-widget-container\">\n\t\t\t\t\t\t\t<div class=\"elementor-icon-wrapper\">\n\t\t\t<a class=\"elementor-icon elementor-animation-shrink\" href=\"\/cmi\/cons-medicina-integrativa\/\">\n\t\t\t<i aria-hidden=\"true\" class=\"fas fa-heartbeat\"><\/i>\t\t\t<\/a>\n\t\t<\/div>\n\t\t\t\t\t\t<\/div>\n\t\t\t\t<\/div>\n\t\t\t\t<div class=\"elementor-element elementor-element-352543e elementor-widget elementor-widget-heading\" data-id=\"352543e\" data-element_type=\"widget\" data-e-type=\"widget\" data-widget_type=\"heading.default\">\n\t\t\t\t<div class=\"elementor-widget-container\">\n\t\t\t\t\t<h5 class=\"elementor-heading-title elementor-size-default\"><a href=\"\/cmi\/cons-medicina-integrativa\/\">Medicina Integrativa<\/a><\/h5>\t\t\t\t<\/div>\n\t\t\t\t<\/div>\n\t\t\t\t\t<\/div>\n\t\t<\/div>\n\t\t\t\t<div class=\"elementor-column elementor-col-16 elementor-top-column elementor-element elementor-element-a656e89\" data-id=\"a656e89\" data-element_type=\"column\" data-e-type=\"column\">\n\t\t\t<div class=\"elementor-widget-wrap elementor-element-populated\">\n\t\t\t\t\t\t<div class=\"elementor-element elementor-element-74fac7db elementor-view-framed elementor-shape-circle elementor-widget elementor-widget-icon\" data-id=\"74fac7db\" data-element_type=\"widget\" data-e-type=\"widget\" data-widget_type=\"icon.default\">\n\t\t\t\t<div class=\"elementor-widget-container\">\n\t\t\t\t\t\t\t<div class=\"elementor-icon-wrapper\">\n\t\t\t<a class=\"elementor-icon elementor-animation-shrink\" href=\"\/cmi\/cons-medicas\/\">\n\t\t\t<i aria-hidden=\"true\" class=\"fas fa-user-md\"><\/i>\t\t\t<\/a>\n\t\t<\/div>\n\t\t\t\t\t\t<\/div>\n\t\t\t\t<\/div>\n\t\t\t\t<div class=\"elementor-element elementor-element-2b6c4617 elementor-widget elementor-widget-heading\" data-id=\"2b6c4617\" data-element_type=\"widget\" data-e-type=\"widget\" data-widget_type=\"heading.default\">\n\t\t\t\t<div class=\"elementor-widget-container\">\n\t\t\t\t\t<h5 class=\"elementor-heading-title elementor-size-default\"><a href=\"\/cmi\/cons-medicas\/\">Consultas M\u00e9dicas<\/a><\/h5>\t\t\t\t<\/div>\n\t\t\t\t<\/div>\n\t\t\t\t\t<\/div>\n\t\t<\/div>\n\t\t\t\t<div class=\"elementor-column elementor-col-16 elementor-top-column elementor-element elementor-element-6e266cc2\" data-id=\"6e266cc2\" data-element_type=\"column\" data-e-type=\"column\">\n\t\t\t<div class=\"elementor-widget-wrap elementor-element-populated\">\n\t\t\t\t\t\t<div class=\"elementor-element elementor-element-67fd7468 elementor-view-framed elementor-shape-circle elementor-widget elementor-widget-icon\" data-id=\"67fd7468\" data-element_type=\"widget\" data-e-type=\"widget\" data-widget_type=\"icon.default\">\n\t\t\t\t<div class=\"elementor-widget-container\">\n\t\t\t\t\t\t\t<div class=\"elementor-icon-wrapper\">\n\t\t\t<a class=\"elementor-icon elementor-animation-shrink\" href=\"\/cmi\/areas-complementares\/\">\n\t\t\t<i aria-hidden=\"true\" class=\"fas fa-users-cog\"><\/i>\t\t\t<\/a>\n\t\t<\/div>\n\t\t\t\t\t\t<\/div>\n\t\t\t\t<\/div>\n\t\t\t\t<div class=\"elementor-element elementor-element-1afc53b8 elementor-widget elementor-widget-heading\" data-id=\"1afc53b8\" data-element_type=\"widget\" data-e-type=\"widget\" data-widget_type=\"heading.default\">\n\t\t\t\t<div class=\"elementor-widget-container\">\n\t\t\t\t\t<h5 class=\"elementor-heading-title elementor-size-default\"><a href=\"\/cmi\/areas-complementares\/\">Terapias \/ \u00c1reas Complementares<\/a><\/h5>\t\t\t\t<\/div>\n\t\t\t\t<\/div>\n\t\t\t\t\t<\/div>\n\t\t<\/div>\n\t\t\t\t<div class=\"elementor-column elementor-col-16 elementor-top-column elementor-element elementor-element-022e769\" data-id=\"022e769\" data-element_type=\"column\" data-e-type=\"column\">\n\t\t\t<div class=\"elementor-widget-wrap elementor-element-populated\">\n\t\t\t\t\t\t<div class=\"elementor-element elementor-element-db30344 elementor-view-framed elementor-shape-circle elementor-widget elementor-widget-icon\" data-id=\"db30344\" data-element_type=\"widget\" data-e-type=\"widget\" data-widget_type=\"icon.default\">\n\t\t\t\t<div class=\"elementor-widget-container\">\n\t\t\t\t\t\t\t<div class=\"elementor-icon-wrapper\">\n\t\t\t<a class=\"elementor-icon elementor-animation-shrink\" href=\"\/cmi\/areas-complementares\/\">\n\t\t\t<i aria-hidden=\"true\" class=\"fas fa-brain\"><\/i>\t\t\t<\/a>\n\t\t<\/div>\n\t\t\t\t\t\t<\/div>\n\t\t\t\t<\/div>\n\t\t\t\t<div class=\"elementor-element elementor-element-0ca585a elementor-widget elementor-widget-heading\" data-id=\"0ca585a\" data-element_type=\"widget\" data-e-type=\"widget\" data-widget_type=\"heading.default\">\n\t\t\t\t<div class=\"elementor-widget-container\">\n\t\t\t\t\t<h5 class=\"elementor-heading-title elementor-size-default\"><a href=\"\/cmi\/psicologia\/\">Psicologia<\/a><\/h5>\t\t\t\t<\/div>\n\t\t\t\t<\/div>\n\t\t\t\t\t<\/div>\n\t\t<\/div>\n\t\t\t\t\t<\/div>\n\t\t<\/section>\n\t\t\t\t<\/div>\n\t\t","protected":false},"excerpt":{"rendered":"<p>GEO &#8211; BIO &#8211; LOGIA GEO = a TERRA BIO = a VIDA LOGIA = o CONHECIMENTO CONHECIMENTO SOBRE A VIDA NA TERRA \u00c9 um conhecimento t\u00e3o antigo quanto a exist\u00eancia da humanidade na Terra, mas foi abandonado no Ocidente [&hellip;]<\/p>\n","protected":false},"author":1,"featured_media":3282,"parent":0,"menu_order":0,"comment_status":"closed","ping_status":"closed","template":"","meta":{"footnotes":""},"class_list":["post-3310","page","type-page","status-publish","has-post-thumbnail","hentry","clearfix"],"_links":{"self":[{"href":"https:\/\/anamoreira.pt\/cmi\/wp-json\/wp\/v2\/pages\/3310","targetHints":{"allow":["GET"]}}],"collection":[{"href":"https:\/\/anamoreira.pt\/cmi\/wp-json\/wp\/v2\/pages"}],"about":[{"href":"https:\/\/anamoreira.pt\/cmi\/wp-json\/wp\/v2\/types\/page"}],"author":[{"embeddable":true,"href":"https:\/\/anamoreira.pt\/cmi\/wp-json\/wp\/v2\/users\/1"}],"replies":[{"embeddable":true,"href":"https:\/\/anamoreira.pt\/cmi\/wp-json\/wp\/v2\/comments?post=3310"}],"version-history":[{"count":11,"href":"https:\/\/anamoreira.pt\/cmi\/wp-json\/wp\/v2\/pages\/3310\/revisions"}],"predecessor-version":[{"id":3322,"href":"https:\/\/anamoreira.pt\/cmi\/wp-json\/wp\/v2\/pages\/3310\/revisions\/3322"}],"wp:featuredmedia":[{"embeddable":true,"href":"https:\/\/anamoreira.pt\/cmi\/wp-json\/wp\/v2\/media\/3282"}],"wp:attachment":[{"href":"https:\/\/anamoreira.pt\/cmi\/wp-json\/wp\/v2\/media?parent=3310"}],"curies":[{"name":"wp","href":"https:\/\/api.w.org\/{rel}","templated":true}]}}