{"id":364,"date":"2019-12-30T08:20:27","date_gmt":"2019-12-30T08:20:27","guid":{"rendered":"https:\/\/anamoreira.km35633-02.keymachine.de\/cmi\/?page_id=364"},"modified":"2021-04-01T09:13:51","modified_gmt":"2021-04-01T09:13:51","slug":"ozonoterapia-2","status":"publish","type":"page","link":"https:\/\/anamoreira.pt\/cmi\/ozonoterapia-2\/","title":{"rendered":"Ozonoterapia"},"content":{"rendered":"\t\t<div data-elementor-type=\"wp-page\" data-elementor-id=\"364\" class=\"elementor elementor-364\" data-elementor-post-type=\"page\">\n\t\t\t\t\t\t<section class=\"elementor-section elementor-top-section elementor-element elementor-element-db67a12 elementor-section-boxed elementor-section-height-default elementor-section-height-default\" data-id=\"db67a12\" data-element_type=\"section\" data-e-type=\"section\">\n\t\t\t\t\t\t<div class=\"elementor-container elementor-column-gap-default\">\n\t\t\t\t\t<div class=\"elementor-column elementor-col-100 elementor-top-column elementor-element elementor-element-ab96b03\" data-id=\"ab96b03\" data-element_type=\"column\" data-e-type=\"column\">\n\t\t\t<div class=\"elementor-widget-wrap elementor-element-populated\">\n\t\t\t\t\t\t<div class=\"elementor-element elementor-element-a25ff3a elementor-widget elementor-widget-text-editor\" data-id=\"a25ff3a\" data-element_type=\"widget\" data-e-type=\"widget\" data-widget_type=\"text-editor.default\">\n\t\t\t\t<div class=\"elementor-widget-container\">\n\t\t\t\t\t\t\t\t\t<p><strong>Introdu\u00e7\u00e3o Hist\u00f3rica<\/strong><br \/>A Ozonoterapia \u00e9 um conjunto de t\u00e9cnicas que utilizam o Ozono como agente terap\u00eautico num grande n\u00famero de patologias. \u00c9 uma terapia totalmente natural com poucas contraindica\u00e7\u00f5es e efeitos secund\u00e1rios m\u00ednimos, sempre que se realize corretamente.<br \/>A hist\u00f3ria da Ozonoterapia come\u00e7a na Alemanha. O percursor do uso do Ozono foi Werner von Siemens, que em\u00a0 1857 construiu o primeiro tubo de indu\u00e7\u00e3o de administra\u00e7\u00e3o de Ozono para a destrui\u00e7\u00e3o de microrganismos. As primeiras utiliza\u00e7\u00f5es remontam \u00e0 Primeira Guerra Mundial, onde foi utilizado como antis\u00e9ptico local para tratamento das feridas de guerra. Posteriormente, estendeu-se a todo o mundo aumentando as suas indica\u00e7\u00f5es terap\u00eauticas.<br \/>Em Portugal, o primeiro curso de Ozonoterapia M\u00e9dica foi efetuado em 2004 e atualmente a t\u00e9cnica est\u00e1 amplamente divulgada, sendo implementada \u00a0em diversas unidades p\u00fablicas e privadas; est\u00e1 regulamentada como terapia m\u00e9dica da Nomenclatura da Ordem dos M\u00e9dicos de acordo com a publica\u00e7\u00e3o do Dec-Lei N\u00ba 163\/2013 de 24 de Abril.<\/p><p><strong>O que \u00e9 a Ozonoterapia?<\/strong><br \/>A Ozonoterapia \u00e9 uma t\u00e9cnica terap\u00eautica que recorre ao ozono (O3). O ozono \u00e9 facilmente assimilado pelo corpo humano, em que a mol\u00e9cula extra de oxig\u00e9nio presente no ozono separa-se, deixando apenas o oxig\u00e9nio (O2). Esta separa\u00e7\u00e3o permite, em simult\u00e2neo, elevados processos de oxigena\u00e7\u00e3o e de oxida\u00e7\u00e3o, que se revelam eficazes no tratamento de uma alargada variedade de patologias.<br \/>Destacamos as seguintes propriedades do ozono:<br \/>Analg\u00e9sicas, anti-inflamat\u00f3rias, drenantes.<br \/>Ajuda na desintoxica\u00e7\u00e3o.<br \/>Promove a decomposi\u00e7\u00e3o do colesterol e triglicer\u00eddeos.<br \/>Aumenta o metabolismo celular.<br \/>Reduz o n\u00edvel de \u00e1cido \u00farico.<br \/>Aumenta o fluxo sangu\u00edneo.<br \/>Ap\u00f3s o tratamento com ozono, o sangue melhora a sua capacidade para circular atrav\u00e9s dos capilares mais estreitos, melhorando assim a micro circula\u00e7\u00e3o. Para al\u00e9m disso, os eritr\u00f3citos ou gl\u00f3bulos vermelhos desagregados e suavizados melhoram a capacidade de absorver e transferir oxig\u00e9nio, entre outros fatores, pela maior superf\u00edcie de contacto livre e deformabilidade.<br \/>Aumenta a quantidade de oxig\u00e9nio dispon\u00edvel, permitindo maior oxigena\u00e7\u00e3o dos tecidos.<br \/>A press\u00e3o do oxig\u00e9nio arterial aumenta e a press\u00e3o de oxig\u00e9nio venosa diminui, melhorando a oxigena\u00e7\u00e3o celular. Observa-se um aumento no 2,3 DPG (Difosfo Glicerato), o\u00a0que facilita a troca de oxig\u00e9nio retido na oxihemoglobina e nos gl\u00f3bulos vermelhos.<\/p><p>Elimina todo o tipo de bact\u00e9rias, v\u00edrus e fungos;<br \/>\u00c9 um potente cicatrizante;<br \/>Potencia o sistema imunit\u00e1rio:<br \/>Sob o efeito dos metabolitos do O3, evidencia-se um aumento na prolifera\u00e7\u00e3o e atividade dos linf\u00f3citos e macr\u00f3fagos, assim como aumentos nas interleucinas, citoquinas e imunoglobulinas.<\/p><p>Limpa as \u201cgorduras\u201d acumuladas nas art\u00e9rias;<br \/>\u00c9 um revitalizante, antioxidante e um potente aliado no combate aos radicais livres:<br \/>Estimula processos enzim\u00e1ticos de base que condicionam a correta nutri\u00e7\u00e3o das c\u00e9lulas, a capacidade de produzir esp\u00e9cies moleculares condicionadas \u00e0 produ\u00e7\u00e3o de energia celular, e a melhoria das fun\u00e7\u00f5es gerais das c\u00e9lulas humanas.<\/p><p>Resumindo, a mistura de O3-O2 origina uma reativa\u00e7\u00e3o da respira\u00e7\u00e3o intracelular a n\u00edvel mitocondrial, ao aumentar a concentra\u00e7\u00e3o de oxig\u00e9nio no sangue arterial. Tem assim um efeito revitalizante no paciente ao restaurar o metabolismo do oxig\u00e9nio anteriormente perturbado, produzindo efeitos imunoestimulantes, desintoxicantes e anti-infecciosos.<br \/>Todas estas caracter\u00edsticas citadas anteriormente fazem da Ozonoterapia um tratamento vers\u00e1til e cada vez mais popular, tratando-se de um dos mais poderosos antioxidantes dos nossos dias, pela estimula\u00e7\u00e3o que exerce na produ\u00e7\u00e3o de enzimas antioxidantes end\u00f3genas.<\/p><p><strong>Para que serve a Ozonoterapia?\u00a0<\/strong><br \/>S\u00e3o in\u00fameras as situa\u00e7\u00f5es em que se pode recorrer \u00e0 Ozonoterapia, sendo que esta \u00e9 sempre adequada a cada caso espec\u00edfico. Posto isto, a Ozonoterapia est\u00e1 indicada em diversas patologias, tais como:<br \/>\u2013 Asma;<br \/>\u2013 Enxaquecas;<br \/>\u2013 Cansa\u00e7o e fadiga;<br \/>\u2013 Artrite;<br \/>\u2013 Artrite reumat\u00f3ide;<br \/>\u2013 Arteriosclerose;<br \/>\u2013 H\u00e9rnia discal;<br \/>\u2013 Dores lombares;<br \/>\u2013 Angina de peito;<br \/>\u2013 Acne;<br \/>\u2013 Eczemas\/Dermatites;<br \/>\u2013 Micoses;<br \/>\u2013 Diabetes Mellitus;<br \/>\u2013 Alergias;<br \/>\u2013 Obesidade\/ Excesso de Peso;<br \/>\u2013 Varizes;<br \/>\u2013 Desintoxica\u00e7\u00e3o das vias biliares, f\u00edgado, rins e intestinos;<br \/>\u2013 F\u00edstulas;<br \/>\u2013 Doen\u00e7a de Alzheimer;<br \/>\u2013 Doen\u00e7a de Parkinson;<br \/>\u2013 Esclerose M\u00faltipla;<br \/>\u2013 Alivia v\u00e1rios tipos de dores;<br \/>\u2013 Tratamento de diversos tipos de infe\u00e7\u00f5es;<br \/>\u2013 Combate \u00e0 celulite;<br \/>\u2013 Tratamento de gordura localizada;<br \/>\u2013 Tratamento antienvelhecimento;<br \/>\u2013 Tratamento desintoxica\u00e7\u00e3o (detox);<br \/>\u2013 S\u00edndrome de fadiga cr\u00f3nica e fibromialgia;<br \/>\u2013 Odontologia relacionada com les\u00f5es de c\u00e1ries prim\u00e1rias, particularmente em crian\u00e7as;<br \/>\u2013 Estomatologia para infec\u00e7\u00f5es cr\u00f3nicas e recorrentes da cavidade oral;<br \/>\u2013 Doen\u00e7as infecciosas agudas e cr\u00f3nicas, particularmente causadas por bact\u00e9rias resistentes aos antibi\u00f3ticos ou aos tratamentos qu\u00edmicos, v\u00edrus, fungos (hepatites, HIV \u2013 SIDA, infec\u00e7\u00f5es herp\u00e9ticas e herpes zooster, infec\u00e7\u00f5es de papiloma por v\u00edrus, onicomicoses e candid\u00edase, giard\u00edases e criptosporidioses);<br \/>\u2013 Candid\u00edases vaginal e bartholinites;<br \/>\u2013 Doen\u00e7as auto-imunes (esclerose m\u00faltipla, artrite reumat\u00f3ide, doen\u00e7a de Crohn, psor\u00edase);<br \/>\u2013 Dem\u00eancia senil;<br \/>\u2013 Doen\u00e7as pulmonares: Enfisema, doen\u00e7a pulmonar obstrutiva cr\u00f3nica, fibrose pulmonar idiop\u00e1tica e\u00a0 insufici\u00eancia respirat\u00f3ria aguda;<br \/>\u2013 Met\u00e1stases de cancro.<\/p><p><strong>Processo de aplica\u00e7\u00e3o da Ozonoterapia<\/strong><br \/>Existem v\u00e1rias formas de efetuar um tratamento de Ozonoterapia, sendo os seguintes processos de aplica\u00e7\u00e3o os mais populares:<br \/>Auto-hemotransfus\u00e3o (intravenoso): utiliza-se um aparelho gerador de ozono. Retiramos sangue ao doente e depois acrescentamos ozono ao sangue; esta mistura \u00e9 depois reintroduzida no organismo;<br \/>Inje\u00e7\u00e3o subcut\u00e2nea: tal como o pr\u00f3prio nome indica, o ozono \u00e9 injetado na zona subcut\u00e2nea da pele;<br \/>Hidroterapia com ozono: o ozono \u00e9 dilu\u00eddo em \u00e1gua e pode ser ingerido ou aplicado diretamente na zona do corpo a tratar;<\/p><p>Vapor: o ozono \u00e9 aplicado no corpo atrav\u00e9s de vaporiza\u00e7\u00f5es;<br \/>\u00d3leos ozonizados: \u00f3leos embebidos em ozono s\u00e3o aplicados com movimentos de massagem diretamente na zona do corpo a tratar;<br \/>Insufla\u00e7\u00e3o retal;<br \/>Insufla\u00e7\u00e3o vaginal;<br \/>Inje\u00e7\u00e3o intra-articular;<br \/>Micro doses em pontos de gatilho e de acupuntura.<\/p><p><strong>IMPORTANTE:<\/strong>\u00a0a utiliza\u00e7\u00e3o do ozono dever\u00e1 ser sempre preconizada por um profissional m\u00e9dico e de enfermagem qualificado, visto que se trata de um g\u00e1s que n\u00e3o deve ser inalado, nem introduzido diretamente na corrente sangu\u00ednea. A ozonoterapia \u00e9 um ato m\u00e9dico.<\/p><p>\u00a0<\/p><p><strong>Propriedades, Vantagens e Utilidades.<\/strong><\/p><p>As c\u00e9lulas normais produzem enzimas, coenzimas\u00a0 e outros antioxidantes que as protegem dos efeitos agressivos degenerativos das ROS (esp\u00e9cies reativas de oxig\u00e9nio) e EMODs (derivados de oxig\u00e9nio eletronicamente modificados). As c\u00e9lulas an\u00e1rquicas n\u00e3o produzem\u00a0 estas enzimas e coenzimas, o que as torna vulner\u00e1veis \u00e1 atividade oxidante do ozono. O Ozono induz a forma\u00e7\u00e3o de antioxidantes espec\u00edficos, nas v\u00e1rias c\u00e9lulas dos variados tecidos org\u00e2nicos, aumentando assim a resist\u00eancia endocelular \u00e0 anarquiza\u00e7\u00e3o metab\u00f3lica e sua desestrutura\u00e7\u00e3o morfol\u00f3gica, inibindo a sua degenera\u00e7\u00e3o. A forma\u00e7\u00e3o destes antioxidantes, (ex: glutati\u00e3o peroxidase catalase e super\u00f3xido dismutase) \u00e9 induzida por ativa\u00e7\u00e3o do ciclo de Krebs (\u00e1cidos tricarbox\u00edlicos) por incremento da carbonila\u00e7\u00e3o oxidativa do piruvato com estimulo da produ\u00e7\u00e3o de ATP (trifosfato de adenosina), originando ainda uma produ\u00e7\u00e3o da NADH (nicotinamida adenina dinucle\u00f3tido) e consequente oxida\u00e7\u00e3o do citacromo C.<\/p><p>Desta forma as c\u00e9lulas normais tender\u00e3o a ocupar progressivamente o espa\u00e7o das c\u00e9lulas tumorais, impedindo o seu crescimento local e a metastiza\u00e7\u00e3o. O Ozono induz a oxigena\u00e7\u00e3o celular o que contribui para diminuir a resist\u00eancia e mecanismos de defesa das c\u00e9lulas an\u00e1rquicas que se revelam avessas \u00e0 oxigena\u00e7\u00e3o.A estimula\u00e7\u00e3o de c\u00e9lulas NK, c\u00e9lulas T e fator NrF2, pelo ozono confirma os seus efeitos anti-neopl\u00e1sticos. O ozono tamb\u00e9m modula o sistema imunol\u00f3gico e exerce acentuados anti-inflamat\u00f3rios, o que induz uma cascata de sinergismos bioqu\u00edmico-fisiol\u00f3gico capazes de contrariar a evolu\u00e7\u00e3o tumoral. Os seus efeitos antinociceptivos (redutores da perce\u00e7\u00e3o e transmiss\u00e3o de est\u00edmulos que causam dor) s\u00e3o ainda uma mais valia, n\u00e3o s\u00f3 no que respeita a neoplasias, mas tamb\u00e9m no que respeita a outros processos inflamat\u00f3rios e degenerativos, como por exemplo, doen\u00e7as auto-imunes, perturba\u00e7\u00f5es do aparelho locomotor em particular osteoartrose e tendinites, em que o ozono\u00a0 revela-se eficaz em v\u00e1rias vias de administra\u00e7\u00e3o, incluindo a via oral.<\/p><p><strong>Benef\u00edcios do Ozono<\/strong><\/p><p>Aplica\u00e7\u00f5es Recomenda\u00e7\u00f5es e Efic\u00e1cia.O ozono\u00a0\u00e9 um g\u00e1s com cheiro caracter\u00edstico, sendo molecularmente constitu\u00eddo por tr\u00eas \u00e1tomos de oxig\u00e9nio, pouco est\u00e1vel, com um tempo m\u00e9dio de vida de 40 minutos aos 20\u00b0C e de 140 minutos aos 0\u00b0C, sendo fundamental na prote\u00e7\u00e3o da vida humana no planeta, atrav\u00e9s da apelidada camada de ozono, filtrante da radia\u00e7\u00e3o ultra-violeta, existindo tamb\u00e9m \u00e0 superf\u00edcie da Terra em muito baixas concentra\u00e7\u00f5es.Apesar de possuir toxicidade em dosagens elevadas, o ozono \u00e9 uma subst\u00e2ncia com enorme potencial na preven\u00e7\u00e3o e tratamento de diversas patologias, existindo extensa evid\u00eancia cient\u00edfica a fundamentar a sua efic\u00e1cia e utiliza\u00e7\u00e3o.<\/p>\t\t\t\t\t\t\t\t<\/div>\n\t\t\t\t<\/div>\n\t\t\t\t\t<\/div>\n\t\t<\/div>\n\t\t\t\t\t<\/div>\n\t\t<\/section>\n\t\t\t\t<section class=\"elementor-section elementor-top-section elementor-element elementor-element-7a24d4e elementor-section-boxed elementor-section-height-default elementor-section-height-default\" data-id=\"7a24d4e\" data-element_type=\"section\" data-e-type=\"section\">\n\t\t\t\t\t\t<div class=\"elementor-container elementor-column-gap-default\">\n\t\t\t\t\t<div class=\"elementor-column elementor-col-100 elementor-top-column elementor-element elementor-element-bf5840c\" data-id=\"bf5840c\" data-element_type=\"column\" data-e-type=\"column\">\n\t\t\t<div class=\"elementor-widget-wrap elementor-element-populated\">\n\t\t\t\t\t\t<div class=\"elementor-element elementor-element-998648b elementor-widget elementor-widget-image\" data-id=\"998648b\" data-element_type=\"widget\" data-e-type=\"widget\" data-widget_type=\"image.default\">\n\t\t\t\t<div class=\"elementor-widget-container\">\n\t\t\t\t\t\t\t\t\t\t\t\t\t\t\t<img fetchpriority=\"high\" decoding=\"async\" width=\"640\" height=\"460\" src=\"https:\/\/anamoreira.pt\/cmi\/wp-content\/uploads\/2019\/12\/ozono-triox.png\" class=\"attachment-large size-large wp-image-366\" alt=\"\" srcset=\"https:\/\/anamoreira.pt\/cmi\/wp-content\/uploads\/2019\/12\/ozono-triox.png 649w, https:\/\/anamoreira.pt\/cmi\/wp-content\/uploads\/2019\/12\/ozono-triox-300x215.png 300w\" sizes=\"(max-width: 640px) 100vw, 640px\" \/>\t\t\t\t\t\t\t\t\t\t\t\t\t\t\t<\/div>\n\t\t\t\t<\/div>\n\t\t\t\t\t<\/div>\n\t\t<\/div>\n\t\t\t\t\t<\/div>\n\t\t<\/section>\n\t\t\t\t<section class=\"elementor-section elementor-top-section elementor-element elementor-element-ffe5fc0 elementor-section-boxed elementor-section-height-default elementor-section-height-default\" data-id=\"ffe5fc0\" data-element_type=\"section\" data-e-type=\"section\">\n\t\t\t\t\t\t<div class=\"elementor-container elementor-column-gap-default\">\n\t\t\t\t\t<div class=\"elementor-column elementor-col-100 elementor-top-column elementor-element elementor-element-a382686\" data-id=\"a382686\" data-element_type=\"column\" data-e-type=\"column\">\n\t\t\t<div class=\"elementor-widget-wrap elementor-element-populated\">\n\t\t\t\t\t\t<div class=\"elementor-element elementor-element-3f1fe8c elementor-widget elementor-widget-text-editor\" data-id=\"3f1fe8c\" data-element_type=\"widget\" data-e-type=\"widget\" data-widget_type=\"text-editor.default\">\n\t\t\t\t<div class=\"elementor-widget-container\">\n\t\t\t\t\t\t\t\t\t<p>Informa\u00e7\u00f5es retiradas de\u00a0<em>Triox Natural Ozone.\u00a0<\/em><\/p><p>\u00a0<\/p><p>Saiba mais sobre Ozonoterapia:<br \/>\u2013\u00a0<a href=\"\/cmi\/ozone-oxidative-preconditioning-a-protection-against-cellular-damage-by-free-radicals\/\">Ozone oxidative preconditioning: a protection against cellular damage by free radicals<\/a><br \/>\u2013\u00a0<a href=\"\/cmi\/declaracao-de-madrid-sobre-ozonoterapia-3-e-4-de-junho-de-2010\/\">Declara\u00e7\u00e3o de Madrid sobre Ozonoterapia \u2013 3 e 4 de junho de 2010<\/a><br \/>\u2013\u00a0<a href=\"\/cmi\/2019\/12\/29\/carta-profesor-velio-bocci\/\">Carta Profesor Velio Bocci<\/a><\/p><p>\u00a0<\/p><p><a href=\"\/cmi\/category\/documentos\/artigos-cientificos\/ozonoterapia\/\">Clique aqui para mais ver outros artigos cient\u00edficos sobre Ozonoterapia.<\/a><\/p>\t\t\t\t\t\t\t\t<\/div>\n\t\t\t\t<\/div>\n\t\t\t\t\t<\/div>\n\t\t<\/div>\n\t\t\t\t\t<\/div>\n\t\t<\/section>\n\t\t\t\t<section class=\"elementor-section elementor-top-section elementor-element elementor-element-8f9a64c elementor-section-boxed elementor-section-height-default elementor-section-height-default\" data-id=\"8f9a64c\" data-element_type=\"section\" data-e-type=\"section\">\n\t\t\t\t\t\t<div class=\"elementor-container elementor-column-gap-default\">\n\t\t\t\t\t<div class=\"elementor-column elementor-col-100 elementor-top-column elementor-element elementor-element-97aeef9\" data-id=\"97aeef9\" data-element_type=\"column\" data-e-type=\"column\">\n\t\t\t<div class=\"elementor-widget-wrap elementor-element-populated\">\n\t\t\t\t\t\t<div class=\"elementor-element elementor-element-81b0520 elementor-widget elementor-widget-spacer\" data-id=\"81b0520\" data-element_type=\"widget\" data-e-type=\"widget\" data-widget_type=\"spacer.default\">\n\t\t\t\t<div class=\"elementor-widget-container\">\n\t\t\t\t\t\t\t<div class=\"elementor-spacer\">\n\t\t\t<div class=\"elementor-spacer-inner\"><\/div>\n\t\t<\/div>\n\t\t\t\t\t\t<\/div>\n\t\t\t\t<\/div>\n\t\t\t\t\t<\/div>\n\t\t<\/div>\n\t\t\t\t\t<\/div>\n\t\t<\/section>\n\t\t\t\t<section class=\"elementor-section elementor-top-section elementor-element elementor-element-1d008d3b elementor-section-boxed elementor-section-height-default elementor-section-height-default\" data-id=\"1d008d3b\" data-element_type=\"section\" data-e-type=\"section\">\n\t\t\t\t\t\t<div class=\"elementor-container elementor-column-gap-default\">\n\t\t\t\t\t<div class=\"elementor-column elementor-col-16 elementor-top-column elementor-element elementor-element-33bce2ec\" data-id=\"33bce2ec\" data-element_type=\"column\" data-e-type=\"column\">\n\t\t\t<div class=\"elementor-widget-wrap elementor-element-populated\">\n\t\t\t\t\t\t<div class=\"elementor-element elementor-element-30a9c963 elementor-view-framed elementor-shape-circle elementor-widget elementor-widget-icon\" data-id=\"30a9c963\" data-element_type=\"widget\" data-e-type=\"widget\" data-widget_type=\"icon.default\">\n\t\t\t\t<div class=\"elementor-widget-container\">\n\t\t\t\t\t\t\t<div class=\"elementor-icon-wrapper\">\n\t\t\t<a class=\"elementor-icon elementor-animation-shrink\" href=\"\/cmi\/\">\n\t\t\t<i aria-hidden=\"true\" class=\"fas fa-home\"><\/i>\t\t\t<\/a>\n\t\t<\/div>\n\t\t\t\t\t\t<\/div>\n\t\t\t\t<\/div>\n\t\t\t\t<div class=\"elementor-element elementor-element-15486d09 elementor-widget elementor-widget-heading\" data-id=\"15486d09\" data-element_type=\"widget\" data-e-type=\"widget\" data-widget_type=\"heading.default\">\n\t\t\t\t<div class=\"elementor-widget-container\">\n\t\t\t\t\t<h5 class=\"elementor-heading-title elementor-size-default\"><a href=\"\/cmi\/\">In\u00edcio<\/a><\/h5>\t\t\t\t<\/div>\n\t\t\t\t<\/div>\n\t\t\t\t\t<\/div>\n\t\t<\/div>\n\t\t\t\t<div class=\"elementor-column elementor-col-16 elementor-top-column elementor-element elementor-element-33863db7\" data-id=\"33863db7\" data-element_type=\"column\" data-e-type=\"column\">\n\t\t\t<div class=\"elementor-widget-wrap elementor-element-populated\">\n\t\t\t\t\t\t<div class=\"elementor-element elementor-element-520ff4ef elementor-view-framed elementor-shape-circle elementor-widget elementor-widget-icon\" data-id=\"520ff4ef\" data-element_type=\"widget\" data-e-type=\"widget\" data-widget_type=\"icon.default\">\n\t\t\t\t<div class=\"elementor-widget-container\">\n\t\t\t\t\t\t\t<div class=\"elementor-icon-wrapper\">\n\t\t\t<a class=\"elementor-icon elementor-animation-shrink\" href=\"\/cmi\/marcacao-de-consulta\/\">\n\t\t\t<i aria-hidden=\"true\" class=\"fas fa-calendar-alt\"><\/i>\t\t\t<\/a>\n\t\t<\/div>\n\t\t\t\t\t\t<\/div>\n\t\t\t\t<\/div>\n\t\t\t\t<div class=\"elementor-element elementor-element-870e6d8 elementor-widget elementor-widget-heading\" data-id=\"870e6d8\" data-element_type=\"widget\" data-e-type=\"widget\" data-widget_type=\"heading.default\">\n\t\t\t\t<div class=\"elementor-widget-container\">\n\t\t\t\t\t<h5 class=\"elementor-heading-title elementor-size-default\"><a href=\"\/cmi\/marcacao-de-consulta\/\">Marca\u00e7\u00e3o de Consulta<\/a><\/h5>\t\t\t\t<\/div>\n\t\t\t\t<\/div>\n\t\t\t\t\t<\/div>\n\t\t<\/div>\n\t\t\t\t<div class=\"elementor-column elementor-col-16 elementor-top-column elementor-element elementor-element-7488f8d7\" data-id=\"7488f8d7\" data-element_type=\"column\" data-e-type=\"column\">\n\t\t\t<div class=\"elementor-widget-wrap elementor-element-populated\">\n\t\t\t\t\t\t<div class=\"elementor-element elementor-element-da71982 elementor-view-framed elementor-shape-circle elementor-widget elementor-widget-icon\" data-id=\"da71982\" data-element_type=\"widget\" data-e-type=\"widget\" data-widget_type=\"icon.default\">\n\t\t\t\t<div class=\"elementor-widget-container\">\n\t\t\t\t\t\t\t<div class=\"elementor-icon-wrapper\">\n\t\t\t<a class=\"elementor-icon elementor-animation-shrink\" href=\"\/cmi\/cons-medicina-integrativa\/\">\n\t\t\t<i aria-hidden=\"true\" class=\"fas fa-heartbeat\"><\/i>\t\t\t<\/a>\n\t\t<\/div>\n\t\t\t\t\t\t<\/div>\n\t\t\t\t<\/div>\n\t\t\t\t<div class=\"elementor-element elementor-element-352543e elementor-widget elementor-widget-heading\" data-id=\"352543e\" data-element_type=\"widget\" data-e-type=\"widget\" data-widget_type=\"heading.default\">\n\t\t\t\t<div class=\"elementor-widget-container\">\n\t\t\t\t\t<h5 class=\"elementor-heading-title elementor-size-default\"><a href=\"\/cmi\/cons-medicina-integrativa\/\">Medicina Integrativa<\/a><\/h5>\t\t\t\t<\/div>\n\t\t\t\t<\/div>\n\t\t\t\t\t<\/div>\n\t\t<\/div>\n\t\t\t\t<div class=\"elementor-column elementor-col-16 elementor-top-column elementor-element elementor-element-a656e89\" data-id=\"a656e89\" data-element_type=\"column\" data-e-type=\"column\">\n\t\t\t<div class=\"elementor-widget-wrap elementor-element-populated\">\n\t\t\t\t\t\t<div class=\"elementor-element elementor-element-74fac7db elementor-view-framed elementor-shape-circle elementor-widget elementor-widget-icon\" data-id=\"74fac7db\" data-element_type=\"widget\" data-e-type=\"widget\" data-widget_type=\"icon.default\">\n\t\t\t\t<div class=\"elementor-widget-container\">\n\t\t\t\t\t\t\t<div class=\"elementor-icon-wrapper\">\n\t\t\t<a class=\"elementor-icon elementor-animation-shrink\" href=\"\/cmi\/cons-medicas\/\">\n\t\t\t<i aria-hidden=\"true\" class=\"fas fa-user-md\"><\/i>\t\t\t<\/a>\n\t\t<\/div>\n\t\t\t\t\t\t<\/div>\n\t\t\t\t<\/div>\n\t\t\t\t<div class=\"elementor-element elementor-element-2b6c4617 elementor-widget elementor-widget-heading\" data-id=\"2b6c4617\" data-element_type=\"widget\" data-e-type=\"widget\" data-widget_type=\"heading.default\">\n\t\t\t\t<div class=\"elementor-widget-container\">\n\t\t\t\t\t<h5 class=\"elementor-heading-title elementor-size-default\"><a href=\"\/cmi\/cons-medicas\/\">Consultas M\u00e9dicas<\/a><\/h5>\t\t\t\t<\/div>\n\t\t\t\t<\/div>\n\t\t\t\t\t<\/div>\n\t\t<\/div>\n\t\t\t\t<div class=\"elementor-column elementor-col-16 elementor-top-column elementor-element elementor-element-6e266cc2\" data-id=\"6e266cc2\" data-element_type=\"column\" data-e-type=\"column\">\n\t\t\t<div class=\"elementor-widget-wrap elementor-element-populated\">\n\t\t\t\t\t\t<div class=\"elementor-element elementor-element-67fd7468 elementor-view-framed elementor-shape-circle elementor-widget elementor-widget-icon\" data-id=\"67fd7468\" data-element_type=\"widget\" data-e-type=\"widget\" data-widget_type=\"icon.default\">\n\t\t\t\t<div class=\"elementor-widget-container\">\n\t\t\t\t\t\t\t<div class=\"elementor-icon-wrapper\">\n\t\t\t<a class=\"elementor-icon elementor-animation-shrink\" href=\"\/cmi\/areas-complementares\/\">\n\t\t\t<i aria-hidden=\"true\" class=\"fas fa-users-cog\"><\/i>\t\t\t<\/a>\n\t\t<\/div>\n\t\t\t\t\t\t<\/div>\n\t\t\t\t<\/div>\n\t\t\t\t<div class=\"elementor-element elementor-element-1afc53b8 elementor-widget elementor-widget-heading\" data-id=\"1afc53b8\" data-element_type=\"widget\" data-e-type=\"widget\" data-widget_type=\"heading.default\">\n\t\t\t\t<div class=\"elementor-widget-container\">\n\t\t\t\t\t<h5 class=\"elementor-heading-title elementor-size-default\"><a href=\"\/cmi\/areas-complementares\/\">Terapias \/ \u00c1reas Complementares<\/a><\/h5>\t\t\t\t<\/div>\n\t\t\t\t<\/div>\n\t\t\t\t\t<\/div>\n\t\t<\/div>\n\t\t\t\t<div class=\"elementor-column elementor-col-16 elementor-top-column elementor-element elementor-element-022e769\" data-id=\"022e769\" data-element_type=\"column\" data-e-type=\"column\">\n\t\t\t<div class=\"elementor-widget-wrap elementor-element-populated\">\n\t\t\t\t\t\t<div class=\"elementor-element elementor-element-db30344 elementor-view-framed elementor-shape-circle elementor-widget elementor-widget-icon\" data-id=\"db30344\" data-element_type=\"widget\" data-e-type=\"widget\" data-widget_type=\"icon.default\">\n\t\t\t\t<div class=\"elementor-widget-container\">\n\t\t\t\t\t\t\t<div class=\"elementor-icon-wrapper\">\n\t\t\t<a class=\"elementor-icon elementor-animation-shrink\" href=\"\/cmi\/areas-complementares\/\">\n\t\t\t<i aria-hidden=\"true\" class=\"fas fa-brain\"><\/i>\t\t\t<\/a>\n\t\t<\/div>\n\t\t\t\t\t\t<\/div>\n\t\t\t\t<\/div>\n\t\t\t\t<div class=\"elementor-element elementor-element-0ca585a elementor-widget elementor-widget-heading\" data-id=\"0ca585a\" data-element_type=\"widget\" data-e-type=\"widget\" data-widget_type=\"heading.default\">\n\t\t\t\t<div class=\"elementor-widget-container\">\n\t\t\t\t\t<h5 class=\"elementor-heading-title elementor-size-default\"><a href=\"\/cmi\/psicologia\/\">Psicologia<\/a><\/h5>\t\t\t\t<\/div>\n\t\t\t\t<\/div>\n\t\t\t\t\t<\/div>\n\t\t<\/div>\n\t\t\t\t\t<\/div>\n\t\t<\/section>\n\t\t\t\t<\/div>\n\t\t","protected":false},"excerpt":{"rendered":"<p>Introdu\u00e7\u00e3o Hist\u00f3rica A Ozonoterapia \u00e9 um conjunto de t\u00e9cnicas que utilizam o Ozono como agente terap\u00eautico num grande n\u00famero de patologias. \u00c9 uma terapia totalmente natural com poucas contraindica\u00e7\u00f5es e efeitos secund\u00e1rios m\u00ednimos, sempre que se realize corretamente. A hist\u00f3ria [&hellip;]<\/p>\n","protected":false},"author":1,"featured_media":22,"parent":0,"menu_order":0,"comment_status":"closed","ping_status":"closed","template":"","meta":{"footnotes":""},"class_list":["post-364","page","type-page","status-publish","has-post-thumbnail","hentry","clearfix"],"_links":{"self":[{"href":"https:\/\/anamoreira.pt\/cmi\/wp-json\/wp\/v2\/pages\/364","targetHints":{"allow":["GET"]}}],"collection":[{"href":"https:\/\/anamoreira.pt\/cmi\/wp-json\/wp\/v2\/pages"}],"about":[{"href":"https:\/\/anamoreira.pt\/cmi\/wp-json\/wp\/v2\/types\/page"}],"author":[{"embeddable":true,"href":"https:\/\/anamoreira.pt\/cmi\/wp-json\/wp\/v2\/users\/1"}],"replies":[{"embeddable":true,"href":"https:\/\/anamoreira.pt\/cmi\/wp-json\/wp\/v2\/comments?post=364"}],"version-history":[{"count":15,"href":"https:\/\/anamoreira.pt\/cmi\/wp-json\/wp\/v2\/pages\/364\/revisions"}],"predecessor-version":[{"id":3296,"href":"https:\/\/anamoreira.pt\/cmi\/wp-json\/wp\/v2\/pages\/364\/revisions\/3296"}],"wp:featuredmedia":[{"embeddable":true,"href":"https:\/\/anamoreira.pt\/cmi\/wp-json\/wp\/v2\/media\/22"}],"wp:attachment":[{"href":"https:\/\/anamoreira.pt\/cmi\/wp-json\/wp\/v2\/media?parent=364"}],"curies":[{"name":"wp","href":"https:\/\/api.w.org\/{rel}","templated":true}]}}